CRAN Package Check Results for Package conover.test

Last updated on 2019-03-24 03:46:44 CET.

Flavor Version Tinstall Tcheck Ttotal Status Flags
r-devel-linux-x86_64-debian-clang 1.1.5 2.24 19.86 22.10 OK
r-devel-linux-x86_64-debian-gcc 1.1.5 1.87 16.35 18.22 OK
r-devel-linux-x86_64-fedora-clang 1.1.5 27.10 OK
r-devel-linux-x86_64-fedora-gcc 1.1.5 25.93 OK
r-devel-windows-ix86+x86_64 1.1.5 7.00 40.00 47.00 OK
r-patched-linux-x86_64 1.1.5 1.71 18.44 20.15 OK
r-patched-solaris-x86 1.1.5 36.10 OK
r-release-linux-x86_64 1.1.5 0.27 1.64 1.91 ERROR
r-release-windows-ix86+x86_64 1.1.5 3.00 28.00 31.00 OK
r-release-osx-x86_64 1.1.5 OK
r-oldrel-windows-ix86+x86_64 1.1.5 2.00 30.00 32.00 OK
r-oldrel-osx-x86_64 1.1.5 OK

Check Details

Version: 1.1.5
Check: whether package can be installed
Result: ERROR
    Installation failed.
Flavor: r-release-linux-x86_64