CRAN Package Check Results for Package container

Last updated on 2021-06-21 15:49:51 CEST.

Flavor Version Tinstall Tcheck Ttotal Status Flags
r-devel-linux-x86_64-debian-clang 0.3.0 6.57 35.73 42.30 NOTE
r-devel-linux-x86_64-debian-gcc 0.3.0 5.01 27.73 32.74 NOTE
r-devel-linux-x86_64-fedora-clang 0.3.0 60.79 NOTE
r-devel-linux-x86_64-fedora-gcc 0.3.0 51.24 NOTE
r-devel-windows-x86_64 0.3.0 12.00 49.00 61.00 NOTE
r-devel-windows-x86_64-gcc10-UCRT 0.3.0 NOTE
r-patched-linux-x86_64 0.3.0 6.34 34.27 40.61 NOTE
r-patched-solaris-x86 0.3.0 70.70 NOTE
r-release-linux-x86_64 0.3.0 6.06 34.73 40.79 NOTE
r-release-macos-arm64 0.3.0 NOTE
r-release-macos-x86_64 0.3.0 NOTE
r-release-windows-ix86+x86_64 0.3.0 11.00 52.00 63.00 NOTE
r-oldrel-macos-x86_64 0.3.0 OK

Check Details

Version: 0.3.0
Check: LazyData
Result: NOTE
     'LazyData' is specified without a 'data' directory
Flavors: r-devel-linux-x86_64-debian-clang, r-devel-linux-x86_64-debian-gcc, r-devel-linux-x86_64-fedora-clang, r-devel-linux-x86_64-fedora-gcc, r-devel-windows-x86_64, r-devel-windows-x86_64-gcc10-UCRT, r-patched-linux-x86_64, r-patched-solaris-x86, r-release-linux-x86_64, r-release-macos-arm64, r-release-macos-x86_64, r-release-windows-ix86+x86_64