CRAN Package Check Results for Package contextual

Last updated on 2019-05-25 22:50:58 CEST.

Flavor Version Tinstall Tcheck Ttotal Status Flags
r-devel-linux-x86_64-debian-clang 0.9.8.1 30.29 166.21 196.50 OK
r-devel-linux-x86_64-debian-gcc 0.9.8.1 24.22 131.68 155.90 OK
r-devel-linux-x86_64-fedora-clang 0.9.8.1 203.17 OK
r-devel-linux-x86_64-fedora-gcc 0.9.8.1 187.11 OK
r-devel-windows-ix86+x86_64 0.9.8.1 38.00 139.00 177.00 OK
r-patched-linux-x86_64 0.9.8.1 OK
r-patched-solaris-x86 0.9.8.1 230.90 OK
r-release-linux-x86_64 0.9.8.1 31.34 137.50 168.84 NOTE
r-release-windows-ix86+x86_64 0.9.8.1 60.00 192.00 252.00 OK
r-release-osx-x86_64 0.9.8.1 OK
r-oldrel-windows-ix86+x86_64 0.9.8.1 48.00 132.00 180.00 OK
r-oldrel-osx-x86_64 0.9.8.1 OK

Check Details

Version: 0.9.8.1
Check: package dependencies
Result: NOTE
    Package suggested but not available for checking: ‘vdiffr’
Flavor: r-release-linux-x86_64