CRAN Package Check Results for Package contoureR

Last updated on 2024-07-22 18:52:18 CEST.

Flavor Version Tinstall Tcheck Ttotal Status Flags
r-devel-linux-x86_64-debian-clang 1.0.5 23.60 35.65 59.25 NOTE
r-devel-linux-x86_64-debian-gcc 1.0.5 18.00 27.15 45.15 NOTE
r-devel-linux-x86_64-fedora-clang 1.0.5 115.02 NOTE
r-devel-linux-x86_64-fedora-gcc 1.0.5 83.66 NOTE
r-devel-windows-x86_64 1.0.5 25.00 65.00 90.00 NOTE
r-patched-linux-x86_64 1.0.5 33.91 34.42 68.33 NOTE
r-release-linux-x86_64 1.0.5 23.31 33.76 57.07 NOTE
r-release-macos-arm64 1.0.5 29.00 NOTE
r-release-macos-x86_64 1.0.5 36.00 NOTE
r-release-windows-x86_64 1.0.5 32.00 64.00 96.00 NOTE
r-oldrel-macos-arm64 1.0.5 34.00 NOTE
r-oldrel-macos-x86_64 1.0.5 49.00 NOTE
r-oldrel-windows-x86_64 1.0.5 40.00 73.00 113.00 NOTE

Check Details

Version: 1.0.5
Check: C++ specification
Result: NOTE Specified C++11: please drop specification unless essential Flavors: r-devel-linux-x86_64-debian-clang, r-devel-linux-x86_64-debian-gcc, r-devel-linux-x86_64-fedora-clang, r-devel-linux-x86_64-fedora-gcc, r-devel-windows-x86_64, r-patched-linux-x86_64, r-release-linux-x86_64, r-release-macos-arm64, r-release-macos-x86_64, r-release-windows-x86_64, r-oldrel-macos-arm64, r-oldrel-macos-x86_64, r-oldrel-windows-x86_64

Version: 1.0.5
Check: Rd files
Result: NOTE checkRd: (-1) getConvexHull.Rd:28: Lost braces in \itemize; meant \describe ? checkRd: (-1) getConvexHull.Rd:29: Lost braces in \itemize; meant \describe ? checkRd: (-1) getConvexHull.Rd:30: Lost braces in \itemize; meant \describe ? Flavors: r-devel-linux-x86_64-debian-clang, r-devel-linux-x86_64-debian-gcc, r-devel-linux-x86_64-fedora-clang, r-devel-linux-x86_64-fedora-gcc, r-devel-windows-x86_64, r-patched-linux-x86_64, r-release-linux-x86_64, r-release-macos-arm64, r-release-macos-x86_64, r-release-windows-x86_64

Version: 1.0.5
Check: compiled code
Result: NOTE File ‘contoureR/libs/contoureR.so’: Found no calls to: ‘R_registerRoutines’, ‘R_useDynamicSymbols’ It is good practice to register native routines and to disable symbol search. See ‘Writing portable packages’ in the ‘Writing R Extensions’ manual. Flavors: r-devel-linux-x86_64-fedora-clang, r-devel-linux-x86_64-fedora-gcc