Last updated on 2023-12-02 23:13:41 CET.
Flavor | Version | Tinstall | Tcheck | Ttotal | Status | Flags |
---|---|---|---|---|---|---|
r-devel-linux-x86_64-debian-clang | 0.2.5 | 6.63 | 55.19 | 61.82 | NOTE | |
r-devel-linux-x86_64-debian-gcc | 0.2.5 | 4.42 | 40.74 | 45.16 | NOTE | |
r-devel-linux-x86_64-fedora-clang | 0.2.5 | 79.49 | NOTE | |||
r-devel-linux-x86_64-fedora-gcc | 0.2.5 | 75.80 | NOTE | |||
r-devel-windows-x86_64 | 0.2.5 | 6.00 | 73.00 | 79.00 | NOTE | |
r-patched-linux-x86_64 | 0.2.5 | 4.30 | 52.86 | 57.16 | NOTE | |
r-release-linux-x86_64 | 0.2.5 | 3.86 | 52.27 | 56.13 | NOTE | |
r-release-macos-arm64 | 0.2.5 | 27.00 | NOTE | |||
r-release-macos-x86_64 | 0.2.5 | 38.00 | NOTE | |||
r-release-windows-x86_64 | 0.2.5 | 7.00 | 80.00 | 87.00 | NOTE | |
r-oldrel-macos-arm64 | 0.2.5 | 26.00 | NOTE | |||
r-oldrel-macos-x86_64 | 0.2.5 | 35.00 | NOTE | |||
r-oldrel-windows-x86_64 | 0.2.5 | 7.00 | 74.00 | 81.00 | NOTE |
Version: 0.2.5
Check: LazyData
Result: NOTE
'LazyData' is specified without a 'data' directory
Flavors: r-devel-linux-x86_64-debian-clang, r-devel-linux-x86_64-debian-gcc, r-devel-linux-x86_64-fedora-clang, r-devel-linux-x86_64-fedora-gcc, r-devel-windows-x86_64, r-patched-linux-x86_64, r-release-linux-x86_64, r-release-macos-arm64, r-release-macos-x86_64, r-release-windows-x86_64, r-oldrel-macos-arm64, r-oldrel-macos-x86_64, r-oldrel-windows-x86_64