CRAN Package Check Results for Package convertid

Last updated on 2023-12-11 13:49:32 CET.

Flavor Version Tinstall Tcheck Ttotal Status Flags
r-devel-linux-x86_64-debian-clang 0.1.8 27.48 240.39 267.87 OK
r-devel-linux-x86_64-debian-gcc 0.1.8 23.88 179.41 203.29 OK
r-devel-linux-x86_64-fedora-clang 0.1.8 355.24 OK
r-devel-linux-x86_64-fedora-gcc 0.1.8 349.07 OK
r-devel-windows-x86_64 0.1.8 24.00 169.00 193.00 OK
r-patched-linux-x86_64 0.1.8 17.87 230.71 248.58 OK
r-release-linux-x86_64 0.1.8 17.65 230.22 247.87 OK
r-release-macos-arm64 0.1.8 88.00 OK
r-release-macos-x86_64 0.1.8 10.00 ERROR
r-release-windows-x86_64 0.1.8 29.00 215.00 244.00 OK
r-oldrel-macos-arm64 0.1.8 82.00 OK
r-oldrel-macos-x86_64 0.1.6 116.00 OK
r-oldrel-windows-x86_64 0.1.8 25.00 214.00 239.00 OK

Check Details

Version: 0.1.8
Check: package dependencies
Result: ERROR Package required but not available: ‘org.Mm.eg.db’ See section ‘The DESCRIPTION file’ in the ‘Writing R Extensions’ manual. Flavor: r-release-macos-x86_64