CRAN Package Check Results for Package convevol

Last updated on 2022-07-04 10:52:10 CEST.

Flavor Version Tinstall Tcheck Ttotal Status Flags
r-devel-linux-x86_64-debian-clang 1.3 10.82 98.25 109.07 NOTE
r-devel-linux-x86_64-debian-gcc 1.3 8.76 72.46 81.22 NOTE
r-devel-linux-x86_64-fedora-clang 1.3 137.45 NOTE
r-devel-linux-x86_64-fedora-gcc 1.3 136.29 NOTE
r-devel-windows-x86_64 1.3 22.00 115.00 137.00 NOTE
r-patched-linux-x86_64 1.3 10.37 92.93 103.30 NOTE
r-release-linux-x86_64 1.3 10.49 92.38 102.87 NOTE
r-release-macos-arm64 1.3 38.00 NOTE
r-release-macos-x86_64 1.3 71.00 NOTE
r-release-windows-x86_64 1.3 19.00 117.00 136.00 NOTE
r-oldrel-macos-arm64 1.3 45.00 NOTE
r-oldrel-macos-x86_64 1.3 78.00 NOTE
r-oldrel-windows-ix86+x86_64 1.3 24.00 117.00 141.00 NOTE

Check Details

Version: 1.3
Check: LazyData
Result: NOTE
     'LazyData' is specified without a 'data' directory
Flavors: r-devel-linux-x86_64-debian-clang, r-devel-linux-x86_64-debian-gcc, r-devel-linux-x86_64-fedora-clang, r-devel-linux-x86_64-fedora-gcc, r-devel-windows-x86_64, r-patched-linux-x86_64, r-release-linux-x86_64, r-release-macos-arm64, r-release-macos-x86_64, r-release-windows-x86_64, r-oldrel-macos-arm64, r-oldrel-macos-x86_64, r-oldrel-windows-ix86+x86_64