CRAN Package Check Results for Package convey

Last updated on 2021-10-25 05:58:08 CEST.

Flavor Version Tinstall Tcheck Ttotal Status Flags
r-devel-linux-x86_64-debian-clang 0.2.4 14.65 192.59 207.24 OK
r-devel-linux-x86_64-debian-gcc 0.2.4 11.21 146.84 158.05 OK
r-devel-linux-x86_64-fedora-clang 0.2.4 250.07 OK
r-devel-linux-x86_64-fedora-gcc 0.2.4 249.99 OK
r-devel-windows-x86_64 0.2.4 22.00 244.00 266.00 OK
r-devel-windows-x86_64-gcc10-UCRT 0.2.4 OK
r-patched-linux-x86_64 0.2.4 15.82 190.02 205.84 OK
r-patched-solaris-x86 0.2.4 363.00 OK
r-release-linux-x86_64 0.2.4 13.37 185.60 198.97 OK
r-release-macos-arm64 0.2.4 NOTE
r-release-macos-x86_64 0.2.4 OK
r-release-windows-ix86+x86_64 0.2.4 19.00 243.00 262.00 OK
r-oldrel-macos-x86_64 0.2.4 OK
r-oldrel-windows-ix86+x86_64 0.2.4 27.00 236.00 263.00 OK

Check Details

Version: 0.2.4
Check: package dependencies
Result: NOTE
    Package suggested but not available for checking: ‘RODBC’
Flavor: r-release-macos-arm64