CRAN Package Check Results for Package convoSPAT

Last updated on 2019-10-24 03:58:27 CEST.

Flavor Version Tinstall Tcheck Ttotal Status Flags
r-devel-linux-x86_64-debian-clang 1.2.4 15.29 111.85 127.14 OK
r-devel-linux-x86_64-debian-gcc 1.2.4 13.71 87.28 100.99 OK
r-devel-linux-x86_64-fedora-clang 1.2.4 153.58 OK
r-devel-linux-x86_64-fedora-gcc 1.2.4 151.75 OK
r-devel-windows-ix86+x86_64 1.2.4 22.00 125.00 147.00 OK
r-patched-linux-x86_64 1.2.4 14.78 109.42 124.20 OK
r-patched-solaris-x86 1.2.4 224.00 OK
r-release-linux-x86_64 1.2.4 15.36 109.96 125.32 OK
r-release-windows-ix86+x86_64 1.2.4 37.00 114.00 151.00 OK
r-release-osx-x86_64 1.2.4 FAIL
r-oldrel-windows-ix86+x86_64 1.2.4 23.00 181.00 204.00 OK
r-oldrel-osx-x86_64 1.2.4 OK

Check Details

Version: 1.2.4
Check: whether package can be installed
Result: FAIL
    
Flavor: r-release-osx-x86_64