CRAN Package Check Results for Package convoSPAT

Last updated on 2019-07-20 11:47:18 CEST.

Flavor Version Tinstall Tcheck Ttotal Status Flags
r-devel-linux-x86_64-debian-clang 1.2.4 14.87 110.57 125.44 OK
r-devel-linux-x86_64-debian-gcc 1.2.4 11.67 89.12 100.79 OK
r-devel-linux-x86_64-fedora-clang 1.2.4 152.63 OK
r-devel-linux-x86_64-fedora-gcc 1.2.4 151.25 OK
r-devel-windows-ix86+x86_64 1.2.4 33.00 114.00 147.00 OK
r-patched-linux-x86_64 1.2.4 14.19 112.51 126.70 OK
r-patched-solaris-x86 1.2.4 230.60 OK
r-release-linux-x86_64 1.2.4 15.64 112.19 127.83 OK
r-release-windows-ix86+x86_64 1.2.4 24.00 111.00 135.00 OK
r-release-osx-x86_64 1.2.4 FAIL
r-oldrel-windows-ix86+x86_64 1.2.4 17.00 149.00 166.00 OK
r-oldrel-osx-x86_64 1.2.4 OK

Check Details

Version: 1.2.4
Check: whether package can be installed
Result: FAIL
    
Flavor: r-release-osx-x86_64