CRAN Package Check Results for Package cooptrees

Last updated on 2021-12-06 13:55:25 CET.

Flavor Version Tinstall Tcheck Ttotal Status Flags
r-devel-linux-x86_64-debian-clang 1.0 3.93 42.19 46.12 NOTE
r-devel-linux-x86_64-debian-gcc 1.0 3.00 33.08 36.08 NOTE
r-devel-linux-x86_64-fedora-clang 1.0 57.38 NOTE
r-devel-linux-x86_64-fedora-gcc 1.0 45.87 NOTE
r-devel-windows-x86_64-new-UL 1.0 8.00 68.00 76.00 NOTE
r-devel-windows-x86_64-new-TK 1.0 NOTE
r-devel-windows-x86_64-old 1.0 5.00 42.00 47.00 NOTE
r-patched-linux-x86_64 1.0 2.95 32.53 35.48 NOTE
r-release-linux-x86_64 1.0 3.44 40.42 43.86 NOTE
r-release-macos-arm64 1.0 NOTE
r-release-macos-x86_64 1.0 NOTE
r-release-windows-ix86+x86_64 1.0 7.00 54.00 61.00 NOTE
r-oldrel-macos-x86_64 1.0 NOTE
r-oldrel-windows-ix86+x86_64 1.0 7.00 55.00 62.00 NOTE

Check Details

Version: 1.0
Check: R code for possible problems
Result: NOTE
    maCooperative: no visible global function definition for 'points'
    maCooperative: no visible global function definition for 'legend'
    maPessimistic: no visible global function definition for 'combn'
    maRules: no visible global function definition for 'capture.output'
    mstCooperative: no visible global function definition for 'points'
    mstCooperative: no visible global function definition for 'legend'
    mstOptimistic: no visible global function definition for 'combn'
    mstPessimistic: no visible global function definition for 'combn'
    mstRules: no visible global function definition for 'capture.output'
    plotCoreSet: no visible global function definition for 'points'
    plotCoreSet: no visible global function definition for 'polygon'
    plotImputationSet: no visible global function definition for 'par'
    plotImputationSet: no visible global function definition for 'box'
    plotImputationSet: no visible global function definition for 'polygon'
    plotImputationSet: no visible global function definition for 'text'
    shapleyValue: no visible global function definition for 'combn'
    Undefined global functions or variables:
     box capture.output combn legend par points polygon text
    Consider adding
     importFrom("graphics", "box", "legend", "par", "points", "polygon",
     "text")
     importFrom("utils", "capture.output", "combn")
    to your NAMESPACE file.
Flavors: r-devel-linux-x86_64-debian-clang, r-devel-linux-x86_64-debian-gcc, r-devel-linux-x86_64-fedora-clang, r-devel-linux-x86_64-fedora-gcc, r-devel-windows-x86_64-new-UL, r-devel-windows-x86_64-new-TK, r-devel-windows-x86_64-old, r-patched-linux-x86_64, r-release-linux-x86_64, r-release-macos-arm64, r-release-macos-x86_64, r-release-windows-ix86+x86_64, r-oldrel-macos-x86_64, r-oldrel-windows-ix86+x86_64