CRAN Package Check Results for Package copBasic

Last updated on 2019-06-25 11:50:11 CEST.

Flavor Version Tinstall Tcheck Ttotal Status Flags
r-devel-linux-x86_64-debian-clang 2.1.2 10.41 69.84 80.25 WARN
r-devel-linux-x86_64-debian-gcc 2.1.2 8.49 52.68 61.17 OK
r-devel-linux-x86_64-fedora-clang 2.1.2 91.00 OK
r-devel-linux-x86_64-fedora-gcc 2.1.2 89.31 OK
r-devel-windows-ix86+x86_64 2.1.2 22.00 85.00 107.00 OK
r-patched-linux-x86_64 2.1.2 10.30 67.03 77.33 OK
r-patched-solaris-x86 2.1.2 116.50 OK
r-release-linux-x86_64 2.1.2 11.49 66.50 77.99 OK
r-release-windows-ix86+x86_64 2.1.2 16.00 126.00 142.00 OK
r-release-osx-x86_64 2.1.2 OK
r-oldrel-windows-ix86+x86_64 2.1.2 14.00 74.00 88.00 OK
r-oldrel-osx-x86_64 2.1.2 OK

Check Details

Version: 2.1.2
Check: PDF version of manual
Result: WARN
    LaTeX errors when creating PDF version.
    This typically indicates Rd problems.
    LaTeX errors found:
    ! Undefined control sequence.
    \UseRawInputEncoding ...tencodingname \@undefined
     \let \DeclareFontEncoding@...
    l.5518 ...elta u} \le \frac{\mathbf{C}(u,v)}{u}}{}
    
    ! Missing \endcsname inserted.
    <to be read again>
     \let
    l.5518 ...elta u} \le \frac{\mathbf{C}(u,v)}{u}}{}
    
    ! Missing \endcsname inserted.
    <to be read again>
     \let
    l.5518 ...elta u} \le \frac{\mathbf{C}(u,v)}{u}}{}
    
    ! Missing \endcsname inserted.
    <to be read again>
     \let
    l.5518 ...elta u} \le \frac{\mathbf{C}(u,v)}{u}}{}
    
    ! Undefined control sequence.
    <argument> \@undefined
    
    l.5518 ...elta u} \le \frac{\mathbf{C}(u,v)}{u}}{}
    
    ! Undefined control sequence.
    \UseRawInputEncoding ...tencodingname \@undefined
     \let \DeclareFontEncoding@...
    l.5518 ...elta u} \le \frac{\mathbf{C}(u,v)}{u}}{}
    
    ! Missing \endcsname inserted.
    <to be read again>
     \let
    l.5518 ...elta u} \le \frac{\mathbf{C}(u,v)}{u}}{}
    
    ! Missing \endcsname inserted.
    <to be read again>
     \let
    l.5518 ...elta u} \le \frac{\mathbf{C}(u,v)}{u}}{}
    
    ! Missing \endcsname inserted.
    <to be read again>
     \let
    l.5518 ...elta u} \le \frac{\mathbf{C}(u,v)}{u}}{}
    
    ! Undefined control sequence.
    <argument> \@undefined
    
    l.5518 ...elta u} \le \frac{\mathbf{C}(u,v)}{u}}{}
Flavor: r-devel-linux-x86_64-debian-clang

Version: 2.1.2
Check: for non-standard things in the check directory
Result: NOTE
    Found the following files/directories:
     'copBasic-manual.tex'
Flavor: r-devel-linux-x86_64-debian-clang