CRAN Package Check Results for Package cope

Last updated on 2024-07-15 12:51:51 CEST.

Flavor Version Tinstall Tcheck Ttotal Status Flags
r-devel-linux-x86_64-debian-clang 0.2.3 5.73 72.54 78.27 NOTE
r-devel-linux-x86_64-debian-gcc 0.2.3 5.35 53.93 59.28 NOTE
r-devel-linux-x86_64-fedora-clang 0.2.3 96.56 NOTE
r-devel-linux-x86_64-fedora-gcc 0.2.3 92.63 NOTE
r-devel-windows-x86_64 0.2.3 6.00 70.00 76.00 NOTE
r-patched-linux-x86_64 0.2.3 7.06 71.04 78.10 NOTE
r-release-linux-x86_64 0.2.3 5.13 71.13 76.26 NOTE
r-release-macos-arm64 0.2.3 28.00 NOTE
r-release-macos-x86_64 0.2.3 54.00 NOTE
r-release-windows-x86_64 0.2.3 6.00 70.00 76.00 NOTE
r-oldrel-macos-arm64 0.2.3 36.00 OK
r-oldrel-macos-x86_64 0.2.3 61.00 OK
r-oldrel-windows-x86_64 0.2.3 8.00 82.00 90.00 OK

Check Details

Version: 0.2.3
Check: Rd files
Result: NOTE checkRd: (-1) ComputeCope.Rd:50: Lost braces in \itemize; \value handles \item{}{} directly checkRd: (-1) ComputeCope.Rd:52: Lost braces in \itemize; \value handles \item{}{} directly checkRd: (-1) ComputeCope.Rd:53: Lost braces in \itemize; \value handles \item{}{} directly checkRd: (-1) ComputeCope.Rd:54-56: Lost braces in \itemize; \value handles \item{}{} directly checkRd: (-1) ComputeCope.Rd:57-61: Lost braces in \itemize; \value handles \item{}{} directly checkRd: (-1) DrawContour.Rd:5: Lost braces; missing escapes or markup? 5 | \title{Draws the contour {f=c}.} | ^ checkRd: (-1) DrawContour.Rd:20: Lost braces; missing escapes or markup? 20 | Draws the contour {f=c}. | ^ checkRd: (-1) cope.Rd:24: Lost braces in \itemize; meant \describe ? checkRd: (-1) cope.Rd:25: Lost braces in \itemize; meant \describe ? checkRd: (-1) cope.Rd:33: Lost braces in \itemize; meant \describe ? checkRd: (-1) cope.Rd:35: Lost braces in \itemize; meant \describe ? Flavors: r-devel-linux-x86_64-debian-clang, r-devel-linux-x86_64-debian-gcc, r-devel-linux-x86_64-fedora-clang, r-devel-linux-x86_64-fedora-gcc, r-devel-windows-x86_64, r-patched-linux-x86_64, r-release-linux-x86_64, r-release-macos-arm64, r-release-macos-x86_64, r-release-windows-x86_64