CRAN Package Check Results for Package coppeCosenzaR

Last updated on 2022-10-07 14:52:01 CEST.

Flavor Version Tinstall Tcheck Ttotal Status Flags
r-devel-linux-x86_64-debian-clang 0.1.3 4.91 33.48 38.39 NOTE
r-devel-linux-x86_64-debian-gcc 0.1.3 3.40 26.07 29.47 NOTE
r-devel-linux-x86_64-fedora-clang 0.1.3 62.52 NOTE
r-devel-linux-x86_64-fedora-gcc 0.1.3 56.30 NOTE
r-devel-windows-x86_64 0.1.3 77.00 69.00 146.00 NOTE
r-patched-linux-x86_64 0.1.3 5.66 30.78 36.44 NOTE
r-release-linux-x86_64 0.1.3 4.34 31.22 35.56 NOTE
r-release-macos-arm64 0.1.3 19.00 NOTE
r-release-macos-x86_64 0.1.3 26.00 NOTE
r-release-windows-x86_64 0.1.3 109.00 61.00 170.00 NOTE
r-oldrel-macos-arm64 0.1.3 23.00 NOTE
r-oldrel-macos-x86_64 0.1.3 39.00 NOTE
r-oldrel-windows-ix86+x86_64 0.1.3 10.00 59.00 69.00 NOTE

Check Details

Version: 0.1.3
Check: LazyData
Result: NOTE
     'LazyData' is specified without a 'data' directory
Flavors: r-devel-linux-x86_64-debian-clang, r-devel-linux-x86_64-debian-gcc, r-devel-linux-x86_64-fedora-clang, r-devel-linux-x86_64-fedora-gcc, r-devel-windows-x86_64, r-patched-linux-x86_64, r-release-linux-x86_64, r-release-macos-arm64, r-release-macos-x86_64, r-release-windows-x86_64, r-oldrel-macos-arm64, r-oldrel-macos-x86_64, r-oldrel-windows-ix86+x86_64