CRAN Package Check Results for Package copula

Last updated on 2019-01-19 03:50:17 CET.

Flavor Version Tinstall Tcheck Ttotal Status Flags
r-devel-linux-x86_64-debian-clang 0.999-19 43.14 1039.21 1082.35 OK
r-devel-linux-x86_64-debian-gcc 0.999-19 35.97 728.63 764.60 OK
r-devel-linux-x86_64-fedora-clang 0.999-19 727.60 NOTE
r-devel-linux-x86_64-fedora-gcc 0.999-19 739.51 OK
r-devel-windows-ix86+x86_64 0.999-19 96.00 825.00 921.00 NOTE --no-vignettes
r-patched-linux-x86_64 0.999-19 37.23 962.57 999.80 OK
r-patched-solaris-x86 0.999-19 1422.10 NOTE
r-release-linux-x86_64 0.999-19 32.97 948.15 981.12 OK
r-release-windows-ix86+x86_64 0.999-19 101.00 846.00 947.00 NOTE --no-vignettes
r-release-osx-x86_64 0.999-19 NOTE
r-oldrel-windows-ix86+x86_64 0.999-19 102.00 581.00 683.00 WARN --no-vignettes
r-oldrel-osx-x86_64 0.999-19 WARN

Check Details

Version: 0.999-19
Check: installed package size
Result: NOTE
     installed size is 9.4Mb
     sub-directories of 1Mb or more:
     R 2.1Mb
     doc 5.0Mb
Flavors: r-devel-linux-x86_64-fedora-clang, r-patched-solaris-x86, r-release-osx-x86_64, r-oldrel-osx-x86_64

Version: 0.999-19
Flags: --no-vignettes
Check: installed package size
Result: NOTE
     installed size is 9.2Mb
     sub-directories of 1Mb or more:
     R 2.1Mb
     doc 5.0Mb
Flavors: r-devel-windows-ix86+x86_64, r-release-windows-ix86+x86_64, r-oldrel-windows-ix86+x86_64

Version: 0.999-19
Flags: --no-vignettes
Check: for code/documentation mismatches
Result: WARN
    Functions or methods with usage in documentation object 'gasoil' but not in code:
     data
    
    Functions or methods with usage in documentation object 'loss' but not in code:
     data
    
    Functions or methods with usage in documentation object 'rdj' but not in code:
     data
    
    Functions or methods with usage in documentation object 'uranium' but not in code:
     data
Flavor: r-oldrel-windows-ix86+x86_64

Version: 0.999-19
Flags: --no-vignettes
Check: Rd \usage sections
Result: WARN
    Undocumented arguments in documentation object 'gasoil'
     'gasoil' 'package'
    Objects in \usage without \alias in documentation object 'gasoil':
     'data'
    
    Undocumented arguments in documentation object 'loss'
     'loss' 'package'
    Objects in \usage without \alias in documentation object 'loss':
     'data'
    
    Undocumented arguments in documentation object 'rdj'
     'rdj' 'package'
    Objects in \usage without \alias in documentation object 'rdj':
     'data'
    
    Undocumented arguments in documentation object 'uranium'
     'uranium' 'package'
    Objects in \usage without \alias in documentation object 'uranium':
     'data'
    
    Functions with \usage entries need to have the appropriate \alias
    entries, and all their arguments documented.
    The \usage entries must correspond to syntactically valid R code.
    See chapter 'Writing R documentation files' in the 'Writing R
    Extensions' manual.
Flavor: r-oldrel-windows-ix86+x86_64

Version: 0.999-19
Check: for code/documentation mismatches
Result: WARN
    Functions or methods with usage in documentation object 'gasoil' but not in code:
     data
    
    Functions or methods with usage in documentation object 'loss' but not in code:
     data
    
    Functions or methods with usage in documentation object 'rdj' but not in code:
     data
    
    Functions or methods with usage in documentation object 'uranium' but not in code:
     data
Flavor: r-oldrel-osx-x86_64

Version: 0.999-19
Check: Rd \usage sections
Result: WARN
    Undocumented arguments in documentation object 'gasoil'
     ‘gasoil’ ‘package’
    Objects in \usage without \alias in documentation object 'gasoil':
     ‘data’
    
    Undocumented arguments in documentation object 'loss'
     ‘loss’ ‘package’
    Objects in \usage without \alias in documentation object 'loss':
     ‘data’
    
    Undocumented arguments in documentation object 'rdj'
     ‘rdj’ ‘package’
    Objects in \usage without \alias in documentation object 'rdj':
     ‘data’
    
    Undocumented arguments in documentation object 'uranium'
     ‘uranium’ ‘package’
    Objects in \usage without \alias in documentation object 'uranium':
     ‘data’
    
    Functions with \usage entries need to have the appropriate \alias
    entries, and all their arguments documented.
    The \usage entries must correspond to syntactically valid R code.
    See chapter ‘Writing R documentation files’ in the ‘Writing R
    Extensions’ manual.
Flavor: r-oldrel-osx-x86_64