CRAN Package Check Results for Package copula

Last updated on 2019-12-14 02:48:02 CET.

Flavor Version Tinstall Tcheck Ttotal Status Flags
r-devel-linux-x86_64-debian-clang 0.999-19.1 51.58 1089.26 1140.84 OK
r-devel-linux-x86_64-debian-gcc 0.999-19.1 38.04 775.58 813.62 OK
r-devel-linux-x86_64-fedora-clang 0.999-19.1 1301.25 NOTE
r-devel-linux-x86_64-fedora-gcc 0.999-19.1 1255.00 OK
r-devel-windows-ix86+x86_64 0.999-19.1 81.00 895.00 976.00 NOTE --no-vignettes
r-devel-windows-ix86+x86_64-gcc8 0.999-19.1 92.00 861.00 953.00 NOTE --no-vignettes
r-patched-linux-x86_64 0.999-19.1 38.45 969.28 1007.73 OK
r-patched-solaris-x86 0.999-19.1 1521.30 NOTE
r-release-linux-x86_64 0.999-19.1 42.26 977.22 1019.48 OK
r-release-windows-ix86+x86_64 0.999-19.1 83.00 646.00 729.00 NOTE --no-vignettes
r-release-osx-x86_64 0.999-19.1 NOTE
r-oldrel-windows-ix86+x86_64 0.999-19.1 77.00 837.00 914.00 NOTE --no-vignettes
r-oldrel-osx-x86_64 0.999-19.1 NOTE

Additional issues

LTO

Check Details

Version: 0.999-19.1
Check: installed package size
Result: NOTE
     installed size is 10.0Mb
     sub-directories of 1Mb or more:
     R 2.1Mb
     doc 5.6Mb
Flavors: r-devel-linux-x86_64-fedora-clang, r-patched-solaris-x86, r-release-osx-x86_64, r-oldrel-osx-x86_64

Version: 0.999-19.1
Flags: --no-vignettes
Check: installed package size
Result: NOTE
     installed size is 9.7Mb
     sub-directories of 1Mb or more:
     R 2.1Mb
     doc 5.6Mb
Flavors: r-devel-windows-ix86+x86_64, r-devel-windows-ix86+x86_64-gcc8, r-release-windows-ix86+x86_64, r-oldrel-windows-ix86+x86_64