CRAN Package Check Results for Package copula

Last updated on 2022-08-16 02:51:35 CEST.

Flavor Version Tinstall Tcheck Ttotal Status Flags
r-devel-linux-x86_64-debian-clang 1.1-0 44.61 875.05 919.66 OK
r-devel-linux-x86_64-debian-gcc 1.1-0 46.05 631.20 677.25 OK
r-devel-linux-x86_64-fedora-clang 1.1-0 1119.10 NOTE
r-devel-linux-x86_64-fedora-gcc 1.1-0 1088.17 OK
r-devel-windows-x86_64 1.1-0 213.00 480.00 693.00 NOTE --no-vignettes
r-patched-linux-x86_64 1.1-0 45.26 847.96 893.22 OK
r-release-linux-x86_64 1.1-0 51.22 845.44 896.66 OK
r-release-macos-arm64 1.1-0 322.00 NOTE
r-release-macos-x86_64 1.1-0 403.00 NOTE
r-release-windows-x86_64 1.1-0 249.00 464.00 713.00 NOTE --no-vignettes
r-oldrel-macos-arm64 1.1-0 302.00 NOTE
r-oldrel-macos-x86_64 1.1-0 414.00 NOTE
r-oldrel-windows-ix86+x86_64 1.1-0 106.00 743.00 849.00 NOTE --no-vignettes

Check Details

Version: 1.1-0
Check: installed package size
Result: NOTE
     installed size is 9.5Mb
     sub-directories of 1Mb or more:
     R 2.1Mb
     doc 5.2Mb
Flavors: r-devel-linux-x86_64-fedora-clang, r-release-macos-arm64, r-release-macos-x86_64, r-oldrel-macos-arm64, r-oldrel-macos-x86_64

Version: 1.1-0
Flags: --no-vignettes
Check: installed package size
Result: NOTE
     installed size is 9.3Mb
     sub-directories of 1Mb or more:
     R 2.1Mb
     doc 5.2Mb
Flavors: r-devel-windows-x86_64, r-release-windows-x86_64, r-oldrel-windows-ix86+x86_64