CRAN Package Check Results for Package copula

Last updated on 2019-08-24 06:47:16 CEST.

Flavor Version Tinstall Tcheck Ttotal Status Flags
r-devel-linux-x86_64-debian-clang 0.999-19.1 46.50 1014.01 1060.51 OK
r-devel-linux-x86_64-debian-gcc 0.999-19.1 37.04 725.26 762.30 OK
r-devel-linux-x86_64-fedora-clang 0.999-19.1 1191.55 NOTE
r-devel-linux-x86_64-fedora-gcc 0.999-19.1 1164.93 OK
r-devel-windows-ix86+x86_64 0.999-19.1 84.00 604.00 688.00 NOTE --no-vignettes
r-patched-linux-x86_64 0.999-19.1 44.02 991.72 1035.74 OK
r-patched-solaris-x86 0.999-19.1 1475.00 NOTE
r-release-linux-x86_64 0.999-19.1 43.75 987.20 1030.95 OK
r-release-windows-ix86+x86_64 0.999-19.1 128.00 855.00 983.00 NOTE --no-vignettes
r-release-osx-x86_64 0.999-19.1 NOTE
r-oldrel-windows-ix86+x86_64 0.999-19.1 103.00 813.00 916.00 NOTE --no-vignettes
r-oldrel-osx-x86_64 0.999-19.1 NOTE

Additional issues

LTO

Check Details

Version: 0.999-19.1
Check: installed package size
Result: NOTE
     installed size is 10.0Mb
     sub-directories of 1Mb or more:
     R 2.1Mb
     doc 5.6Mb
Flavors: r-devel-linux-x86_64-fedora-clang, r-patched-solaris-x86, r-release-osx-x86_64, r-oldrel-osx-x86_64

Version: 0.999-19.1
Flags: --no-vignettes
Check: installed package size
Result: NOTE
     installed size is 9.7Mb
     sub-directories of 1Mb or more:
     R 2.1Mb
     doc 5.6Mb
Flavors: r-devel-windows-ix86+x86_64, r-release-windows-ix86+x86_64, r-oldrel-windows-ix86+x86_64