CRAN Package Check Results for Package copula

Last updated on 2020-08-10 04:47:25 CEST.

Flavor Version Tinstall Tcheck Ttotal Status Flags
r-devel-linux-x86_64-debian-clang 1.0-0 54.04 848.27 902.31 OK
r-devel-linux-x86_64-debian-gcc 1.0-0 42.63 617.40 660.03 OK
r-devel-linux-x86_64-fedora-clang 1.0-0 1074.37 NOTE
r-devel-linux-x86_64-fedora-gcc 1.0-0 1040.32 OK
r-devel-windows-ix86+x86_64 1.0-0 111.00 658.00 769.00 FAIL --no-vignettes
r-patched-linux-x86_64 1.0-0 48.82 827.45 876.27 OK
r-patched-solaris-x86 1.0-0 1410.30 NOTE
r-release-linux-x86_64 1.0-0 45.29 827.19 872.48 OK
r-release-macos-x86_64 1.0-0 NOTE
r-release-windows-ix86+x86_64 1.0-0 114.00 763.00 877.00 NOTE --no-vignettes
r-oldrel-macos-x86_64 1.0-0 NOTE
r-oldrel-windows-ix86+x86_64 1.0-0 72.00 906.00 978.00 NOTE --no-vignettes

Check Details

Version: 1.0-0
Check: installed package size
Result: NOTE
     installed size is 8.7Mb
     sub-directories of 1Mb or more:
     R 2.1Mb
     doc 4.3Mb
Flavors: r-devel-linux-x86_64-fedora-clang, r-patched-solaris-x86, r-release-macos-x86_64, r-oldrel-macos-x86_64

Version: 1.0-0
Flags: --no-vignettes
Check: installed package size
Result: NOTE
     installed size is 8.4Mb
     sub-directories of 1Mb or more:
     R 2.1Mb
     doc 4.3Mb
Flavors: r-devel-windows-ix86+x86_64, r-release-windows-ix86+x86_64, r-oldrel-windows-ix86+x86_64

Version: 1.0-0
Flags: --no-vignettes
Check: running tests for arch ‘i386’
Result: ERROR
     Running 'Stirling-etc.R' [7s]
     Running 'copula-play.R' [27s]
     Running 'dC-dc-ex.R' [5s]
     Running 'estim-ex.R' [11s]
     Running 'explicitCop-ex.R' [24s]
     Running 'fitting-ex.R' [18s]
     Running 'fixedPar-ex.R' [14s]
     Running 'ggraph-tst.R' [16s]
     Running 'khoudraji-ex.R' [27s]
     Running 'misc.R' [0s]
     Running 'mixCop-tst.R' [0s]
     Running 'moments.R' [0s]
     Running 'nac-experi.R' [0s]
     Running 'pdf.R' [0s]
     Running 'retstable-ex.R' [0s]
     Running 'rstable-ex.R' [0s]
     Running 'tail-pcopula.R' [0s]
Flavor: r-devel-windows-ix86+x86_64

Version: 1.0-0
Flags: --no-vignettes
Check: running tests for arch ‘x64’
Result: ERROR
Flavor: r-devel-windows-ix86+x86_64

Version: 1.0-0
Flags: --no-vignettes
Check: for unstated dependencies in vignettes
Result: FAIL
Flavor: r-devel-windows-ix86+x86_64