Last updated on 2023-09-27 06:02:05 CEST.
Flavor | Version | Tinstall | Tcheck | Ttotal | Status | Flags |
---|---|---|---|---|---|---|
r-devel-linux-x86_64-debian-clang | 1.0.7 | 14.35 | 116.19 | 130.54 | OK | |
r-devel-linux-x86_64-debian-gcc | 1.0.7 | 10.01 | 86.96 | 96.97 | OK | |
r-devel-linux-x86_64-fedora-clang | 1.0.7 | 152.85 | NOTE | |||
r-devel-linux-x86_64-fedora-gcc | 1.0.7 | 161.59 | NOTE | |||
r-devel-windows-x86_64 | 1.0.7 | 12.00 | 99.00 | 111.00 | OK | |
r-patched-linux-x86_64 | 1.0.7 | 11.67 | 112.35 | 124.02 | OK | |
r-release-linux-x86_64 | 1.0.7 | 12.56 | 111.66 | 124.22 | OK | |
r-release-macos-arm64 | 1.0.7 | 52.00 | OK | |||
r-release-macos-x86_64 | 1.0.7 | 65.00 | OK | |||
r-release-windows-x86_64 | 1.0.7 | 15.00 | 115.00 | 130.00 | OK | |
r-oldrel-macos-arm64 | 1.0.7 | 45.00 | NOTE | |||
r-oldrel-macos-x86_64 | 1.0.7 | 96.00 | NOTE | |||
r-oldrel-windows-x86_64 | 1.0.7 | 17.00 | 124.00 | 141.00 | OK |
Version: 1.0.7
Check: dependencies in R code
Result: NOTE
Namespace in Imports field not imported from: ‘graphics’
All declared Imports should be used.
Flavors: r-devel-linux-x86_64-fedora-clang, r-devel-linux-x86_64-fedora-gcc, r-oldrel-macos-arm64, r-oldrel-macos-x86_64