CRAN Package Check Results for Package corTest

Last updated on 2020-11-28 08:47:38 CET.

Flavor Version Tinstall Tcheck Ttotal Status Flags
r-devel-linux-x86_64-debian-clang 1.0.7 10.72 102.34 113.06 OK
r-devel-linux-x86_64-debian-gcc 1.0.7 9.35 78.59 87.94 OK
r-devel-linux-x86_64-fedora-clang 1.0.7 149.51 NOTE
r-devel-linux-x86_64-fedora-gcc 1.0.7 130.55 NOTE
r-devel-windows-ix86+x86_64 1.0.7 25.00 120.00 145.00 OK
r-patched-linux-x86_64 1.0.7 10.93 94.29 105.22 OK
r-patched-solaris-x86 1.0.7 189.50 NOTE
r-release-linux-x86_64 1.0.7 10.43 94.59 105.02 OK
r-release-macos-x86_64 1.0.7 NOTE
r-release-windows-ix86+x86_64 1.0.7 20.00 95.00 115.00 OK
r-oldrel-macos-x86_64 1.0.7 NOTE
r-oldrel-windows-ix86+x86_64 1.0.7 17.00 99.00 116.00 OK

Check Details

Version: 1.0.7
Check: dependencies in R code
Result: NOTE
    Namespace in Imports field not imported from: ‘graphics’
     All declared Imports should be used.
Flavors: r-devel-linux-x86_64-fedora-clang, r-devel-linux-x86_64-fedora-gcc, r-patched-solaris-x86, r-release-macos-x86_64, r-oldrel-macos-x86_64