CRAN Package Check Results for Package cord

Last updated on 2019-05-26 22:52:06 CEST.

Flavor Version Tinstall Tcheck Ttotal Status Flags
r-devel-linux-x86_64-debian-clang 0.1.1 28.86 21.44 50.30 OK
r-devel-linux-x86_64-debian-gcc 0.1.1 23.87 17.35 41.22 OK
r-devel-linux-x86_64-fedora-clang 0.1.1 79.26 NOTE
r-devel-linux-x86_64-fedora-gcc 0.1.1 69.92 NOTE
r-devel-windows-ix86+x86_64 0.1.1 56.00 57.00 113.00 OK
r-patched-linux-x86_64 0.1.1 OK
r-patched-solaris-x86 0.1.1 81.30 OK
r-release-linux-x86_64 0.1.1 25.93 21.34 47.27 OK
r-release-windows-ix86+x86_64 0.1.1 88.00 55.00 143.00 OK
r-release-osx-x86_64 0.1.1 OK
r-oldrel-windows-ix86+x86_64 0.1.1 78.00 47.00 125.00 OK
r-oldrel-osx-x86_64 0.1.1 OK

Check Details

Version: 0.1.1
Check: compiled code
Result: NOTE
    File ‘cord/libs/cord.so’:
     Found no calls to: ‘R_registerRoutines’, ‘R_useDynamicSymbols’
    
    It is good practice to register native routines and to disable symbol
    search.
    
    See ‘Writing portable packages’ in the ‘Writing R Extensions’ manual.
Flavors: r-devel-linux-x86_64-fedora-clang, r-devel-linux-x86_64-fedora-gcc