CRAN Package Check Results for Package cord

Last updated on 2020-05-26 15:49:36 CEST.

Flavor Version Tinstall Tcheck Ttotal Status Flags
r-devel-linux-x86_64-debian-clang 0.1.1 42.11 22.82 64.93 OK
r-devel-linux-x86_64-debian-gcc 0.1.1 29.53 18.74 48.27 OK
r-devel-linux-x86_64-fedora-clang 0.1.1 88.96 NOTE
r-devel-linux-x86_64-fedora-gcc 0.1.1 80.48 NOTE
r-devel-windows-ix86+x86_64 0.1.1 108.00 82.00 190.00 OK
r-patched-linux-x86_64 0.1.1 29.60 22.76 52.36 OK
r-patched-solaris-x86 0.1.1 84.60 OK
r-release-linux-x86_64 0.1.1 31.98 22.55 54.53 OK
r-release-osx-x86_64 0.1.1 OK
r-release-windows-ix86+x86_64 0.1.1 74.00 73.00 147.00 OK
r-oldrel-osx-x86_64 0.1.1 OK
r-oldrel-windows-ix86+x86_64 0.1.1 97.00 58.00 155.00 OK

Check Details

Version: 0.1.1
Check: compiled code
Result: NOTE
    File ‘cord/libs/cord.so’:
     Found no calls to: ‘R_registerRoutines’, ‘R_useDynamicSymbols’
    
    It is good practice to register native routines and to disable symbol
    search.
    
    See ‘Writing portable packages’ in the ‘Writing R Extensions’ manual.
Flavors: r-devel-linux-x86_64-fedora-clang, r-devel-linux-x86_64-fedora-gcc