CRAN Package Check Results for Package corels

Last updated on 2023-04-01 00:52:56 CEST.

Flavor Version Tinstall Tcheck Ttotal Status Flags
r-devel-linux-x86_64-debian-clang 0.0.4 39.14 28.43 67.57 NOTE
r-devel-linux-x86_64-debian-gcc 0.0.4 30.78 22.29 53.07 NOTE
r-devel-linux-x86_64-fedora-clang 0.0.4 113.12 NOTE
r-devel-linux-x86_64-fedora-gcc 0.0.4 86.94 NOTE
r-devel-windows-x86_64 0.0.4 59.00 0.00 59.00 NOTE
r-patched-linux-x86_64 0.0.4 29.73 27.83 57.56 NOTE
r-release-linux-x86_64 0.0.4 32.03 28.51 60.54 OK
r-release-macos-arm64 0.0.4 35.00 NOTE
r-release-macos-x86_64 0.0.4 46.00 NOTE
r-release-windows-x86_64 0.0.4 49.00 81.00 130.00 OK
r-oldrel-macos-arm64 0.0.4 38.00 NOTE
r-oldrel-macos-x86_64 0.0.4 51.00 NOTE
r-oldrel-windows-ix86+x86_64 0.0.4 118.00 85.00 203.00 OK

Check Details

Version: 0.0.4
Check: C++ specification
Result: NOTE
     Specified C++11: please drop specification unless essential
Flavors: r-devel-linux-x86_64-debian-clang, r-devel-linux-x86_64-debian-gcc, r-devel-linux-x86_64-fedora-clang, r-devel-linux-x86_64-fedora-gcc, r-devel-windows-x86_64, r-patched-linux-x86_64

Version: 0.0.4
Check: installed package size
Result: NOTE
     installed size is 5.5Mb
     sub-directories of 1Mb or more:
     libs 2.7Mb
     sample_data 2.6Mb
Flavors: r-release-macos-arm64, r-release-macos-x86_64, r-oldrel-macos-arm64, r-oldrel-macos-x86_64