CRAN Package Check Results for Package corels

Last updated on 2021-09-23 16:50:21 CEST.

Flavor Version Tinstall Tcheck Ttotal Status Flags
r-devel-linux-x86_64-debian-clang 0.0.2 40.49 28.39 68.88 WARN
r-devel-linux-x86_64-debian-gcc 0.0.2 24.22 22.10 46.32 WARN
r-devel-linux-x86_64-fedora-clang 0.0.2 111.80 OK
r-devel-linux-x86_64-fedora-gcc 0.0.2 83.14 OK
r-devel-windows-x86_64 0.0.2 53.00 49.00 102.00 OK
r-devel-windows-x86_64-gcc10-UCRT 0.0.2 OK
r-patched-linux-x86_64 0.0.2 29.67 27.36 57.03 WARN
r-patched-solaris-x86 0.0.2 93.80 NOTE
r-release-linux-x86_64 0.0.2 30.18 27.24 57.42 WARN
r-release-macos-arm64 0.0.2 NOTE
r-release-macos-x86_64 0.0.2 NOTE
r-release-windows-ix86+x86_64 0.0.2 115.00 60.00 175.00 OK
r-oldrel-macos-x86_64 0.0.2 NOTE
r-oldrel-windows-ix86+x86_64 0.0.2 89.00 59.00 148.00 OK

Check Details

Version: 0.0.2
Check: top-level files
Result: WARN
     Output from running autoreconf:
     configure.ac:35: warning: AC_OUTPUT should be used without arguments.
     configure.ac:35: You should run autoupdate.
Flavors: r-devel-linux-x86_64-debian-clang, r-devel-linux-x86_64-debian-gcc, r-patched-linux-x86_64, r-release-linux-x86_64

Version: 0.0.2
Check: installed package size
Result: NOTE
     installed size is 5.5Mb
     sub-directories of 1Mb or more:
     libs 2.6Mb
     sample_data 2.8Mb
Flavors: r-patched-solaris-x86, r-release-macos-arm64, r-release-macos-x86_64, r-oldrel-macos-x86_64