CRAN Package Check Results for Package corels

Last updated on 2023-10-02 21:09:19 CEST.

Flavor Version Tinstall Tcheck Ttotal Status Flags
r-devel-linux-x86_64-debian-clang 0.0.4 41.62 28.72 70.34 NOTE
r-devel-linux-x86_64-debian-gcc 0.0.4 27.73 22.66 50.39 NOTE
r-devel-linux-x86_64-fedora-clang 0.0.4 113.35 NOTE
r-devel-linux-x86_64-fedora-gcc 0.0.4 95.19 NOTE
r-devel-windows-x86_64 0.0.4 44.00 64.00 108.00 NOTE
r-patched-linux-x86_64 0.0.4 35.78 28.09 63.87 NOTE
r-release-linux-x86_64 0.0.4 38.78 28.23 67.01 NOTE
r-release-macos-arm64 0.0.4 40.00 NOTE
r-release-macos-x86_64 0.0.4 59.00 NOTE
r-release-windows-x86_64 0.0.4 51.00 71.00 122.00 NOTE
r-oldrel-macos-arm64 0.0.4 36.00 NOTE
r-oldrel-macos-x86_64 0.0.4 46.00 NOTE
r-oldrel-windows-x86_64 0.0.4 54.00 68.00 122.00 OK

Check Details

Version: 0.0.4
Check: C++ specification
Result: NOTE
     Specified C++11: please drop specification unless essential
Flavors: r-devel-linux-x86_64-debian-clang, r-devel-linux-x86_64-debian-gcc, r-devel-linux-x86_64-fedora-clang, r-devel-linux-x86_64-fedora-gcc, r-devel-windows-x86_64, r-patched-linux-x86_64, r-release-linux-x86_64, r-release-macos-arm64, r-release-macos-x86_64, r-release-windows-x86_64

Version: 0.0.4
Check: installed package size
Result: NOTE
     installed size is 5.6Mb
     sub-directories of 1Mb or more:
     libs 2.8Mb
     sample_data 2.6Mb
Flavors: r-release-macos-arm64, r-release-macos-x86_64, r-oldrel-macos-arm64, r-oldrel-macos-x86_64