Last updated on 2022-07-07 00:51:56 CEST.
Flavor | Version | Tinstall | Tcheck | Ttotal | Status | Flags |
---|---|---|---|---|---|---|
r-devel-linux-x86_64-debian-clang | 0.2.0 | 33.09 | 467.64 | 500.73 | OK | |
r-devel-linux-x86_64-debian-gcc | 0.2.0 | 24.31 | 338.29 | 362.60 | OK | |
r-devel-linux-x86_64-fedora-clang | 0.2.0 | 612.75 | NOTE | |||
r-devel-linux-x86_64-fedora-gcc | 0.2.0 | 632.89 | NOTE | |||
r-devel-windows-x86_64 | 0.2.0 | 55.00 | 456.00 | 511.00 | OK | |
r-patched-linux-x86_64 | 0.2.0 | 34.34 | 435.71 | 470.05 | OK | |
r-release-linux-x86_64 | 0.2.0 | 32.47 | 436.48 | 468.95 | OK | |
r-release-macos-arm64 | 0.2.0 | 149.00 | NOTE | |||
r-release-macos-x86_64 | 0.2.0 | 295.00 | NOTE | |||
r-release-windows-x86_64 | 0.2.0 | 59.00 | 468.00 | 527.00 | OK | |
r-oldrel-macos-arm64 | 0.2.0 | 189.00 | NOTE | |||
r-oldrel-macos-x86_64 | 0.2.0 | 303.00 | NOTE | |||
r-oldrel-windows-ix86+x86_64 | 0.2.0 | 71.00 | 504.00 | 575.00 | OK |
Version: 0.2.0
Check: dependencies in R code
Result: NOTE
Namespaces in Imports field not imported from:
‘Matrix’ ‘rmutil’
All declared Imports should be used.
Flavors: r-devel-linux-x86_64-fedora-clang, r-devel-linux-x86_64-fedora-gcc, r-release-macos-arm64, r-release-macos-x86_64, r-oldrel-macos-arm64, r-oldrel-macos-x86_64