CRAN Package Check Results for Package cornet

Last updated on 2020-04-10 04:48:37 CEST.

Flavor Version Tinstall Tcheck Ttotal Status Flags
r-devel-linux-x86_64-debian-clang 0.0.4 2.61 107.29 109.90 OK
r-devel-linux-x86_64-debian-gcc 0.0.4 2.18 74.66 76.84 OK
r-devel-linux-x86_64-fedora-clang 0.0.4 120.92 OK
r-devel-linux-x86_64-fedora-gcc 0.0.4 125.33 OK
r-devel-windows-ix86+x86_64 0.0.4 6.00 122.00 128.00 OK
r-devel-windows-ix86+x86_64-gcc8 0.0.4 6.00 115.00 121.00 OK
r-patched-linux-x86_64 0.0.4 2.57 102.17 104.74 OK
r-patched-osx-x86_64 0.0.4 WARN
r-patched-solaris-x86 0.0.4 154.80 OK
r-release-linux-x86_64 0.0.4 2.21 94.30 96.51 OK
r-release-windows-ix86+x86_64 0.0.4 5.00 148.00 153.00 OK
r-release-osx-x86_64 0.0.4 OK
r-oldrel-windows-ix86+x86_64 0.0.4 4.00 135.00 139.00 OK
r-oldrel-osx-x86_64 0.0.4 OK

Check Details

Version: 0.0.4
Check: re-building of vignette outputs
Result: WARN
    Error(s) in re-building vignettes:
    --- re-building ‘application.Rmd’ using rmarkdown
    dyld: lazy symbol binding failed: Symbol not found: ____chkstk_darwin
     Referenced from: /usr/local/bin/pandoc (which was built for Mac OS X 10.15)
     Expected in: /usr/lib/libSystem.B.dylib
    
    dyld: Symbol not found: ____chkstk_darwin
     Referenced from: /usr/local/bin/pandoc (which was built for Mac OS X 10.15)
     Expected in: /usr/lib/libSystem.B.dylib
    
    Error: processing vignette 'application.Rmd' failed with diagnostics:
    pandoc document conversion failed with error 6
    --- failed re-building ‘application.Rmd’
    
    --- re-building ‘article.Rmd’ using rmarkdown
    dyld: lazy symbol binding failed: Symbol not found: ____chkstk_darwin
     Referenced from: /usr/local/bin/pandoc (which was built for Mac OS X 10.15)
     Expected in: /usr/lib/libSystem.B.dylib
    
    dyld: Symbol not found: ____chkstk_darwin
     Referenced from: /usr/local/bin/pandoc (which was built for Mac OS X 10.15)
     Expected in: /usr/lib/libSystem.B.dylib
    
    Error: processing vignette 'article.Rmd' failed with diagnostics:
    pandoc document conversion failed with error 6
    --- failed re-building ‘article.Rmd’
    
    --- re-building ‘simulation.Rmd’ using rmarkdown
    dyld: lazy symbol binding failed: Symbol not found: ____chkstk_darwin
     Referenced from: /usr/local/bin/pandoc (which was built for Mac OS X 10.15)
     Expected in: /usr/lib/libSystem.B.dylib
    
    dyld: Symbol not found: ____chkstk_darwin
     Referenced from: /usr/local/bin/pandoc (which was built for Mac OS X 10.15)
     Expected in: /usr/lib/libSystem.B.dylib
    
    Error: processing vignette 'simulation.Rmd' failed with diagnostics:
    pandoc document conversion failed with error 6
    --- failed re-building ‘simulation.Rmd’
    
    --- re-building ‘vignette.Rmd’ using rmarkdown
    dyld: lazy symbol binding failed: Symbol not found: ____chkstk_darwin
     Referenced from: /usr/local/bin/pandoc (which was built for Mac OS X 10.15)
     Expected in: /usr/lib/libSystem.B.dylib
    
    dyld: Symbol not found: ____chkstk_darwin
     Referenced from: /usr/local/bin/pandoc (which was built for Mac OS X 10.15)
     Expected in: /usr/lib/libSystem.B.dylib
    
    Error: processing vignette 'vignette.Rmd' failed with diagnostics:
    pandoc document conversion failed with error 6
    --- failed re-building ‘vignette.Rmd’
    
    SUMMARY: processing the following files failed:
     ‘application.Rmd’ ‘article.Rmd’ ‘simulation.Rmd’ ‘vignette.Rmd’
    
    Error: Vignette re-building failed.
    Execution halted
Flavor: r-patched-osx-x86_64