CRAN Package Check Results for Package coro

Last updated on 2021-10-22 05:59:41 CEST.

Flavor Version Tinstall Tcheck Ttotal Status Flags
r-devel-linux-x86_64-debian-clang 1.0.1 3.65 46.63 50.28 NOTE
r-devel-linux-x86_64-debian-gcc 1.0.1 3.06 35.71 38.77 NOTE
r-devel-linux-x86_64-fedora-clang 1.0.1 71.41 NOTE
r-devel-linux-x86_64-fedora-gcc 1.0.1 64.48 NOTE
r-devel-windows-x86_64 1.0.1 7.00 85.00 92.00 NOTE
r-devel-windows-x86_64-gcc10-UCRT 1.0.1 NOTE
r-patched-linux-x86_64 1.0.1 3.48 46.46 49.94 NOTE
r-patched-solaris-x86 1.0.1 79.90 ERROR
r-release-linux-x86_64 1.0.1 3.78 44.97 48.75 NOTE
r-release-macos-arm64 1.0.1 NOTE
r-release-macos-x86_64 1.0.1 NOTE
r-release-windows-ix86+x86_64 1.0.1 6.00 72.00 78.00 NOTE
r-oldrel-macos-x86_64 1.0.1 OK
r-oldrel-windows-ix86+x86_64 1.0.1 8.00 69.00 77.00 OK

Check Details

Version: 1.0.1
Check: LazyData
Result: NOTE
     'LazyData' is specified without a 'data' directory
Flavors: r-devel-linux-x86_64-debian-clang, r-devel-linux-x86_64-debian-gcc, r-devel-linux-x86_64-fedora-clang, r-devel-linux-x86_64-fedora-gcc, r-devel-windows-x86_64, r-devel-windows-x86_64-gcc10-UCRT, r-patched-linux-x86_64, r-patched-solaris-x86, r-release-linux-x86_64, r-release-macos-arm64, r-release-macos-x86_64, r-release-windows-ix86+x86_64

Version: 1.0.1
Check: tests
Result: ERROR
     Running ‘testthat.R’ [0m/180m]
    Running the tests in ‘tests/testthat.R’ failed.
    Complete output:
     > library(testthat)
     > library(coro)
     >
     > test_check("coro")
    
    
     Execution halted
Flavor: r-patched-solaris-x86