CRAN Package Check Results for Package corpora

Last updated on 2022-01-18 00:48:40 CET.

Flavor Version Tinstall Tcheck Ttotal Status Flags
r-devel-linux-x86_64-debian-clang 0.5 4.57 39.99 44.56 OK
r-devel-linux-x86_64-debian-gcc 0.5 3.00 31.53 34.53 OK
r-devel-linux-x86_64-fedora-clang 0.5 54.55 NOTE
r-devel-linux-x86_64-fedora-gcc 0.5 44.58 NOTE
r-devel-windows-x86_64-new-UL 0.5 47.00 63.00 110.00 OK
r-devel-windows-x86_64-new-TK 0.5 NOTE
r-patched-linux-x86_64 0.5 4.60 38.78 43.38 OK
r-release-linux-x86_64 0.5 OK
r-release-macos-arm64 0.5 NOTE
r-release-macos-x86_64 0.5 NOTE
r-release-windows-ix86+x86_64 0.5 7.00 39.00 46.00 OK
r-oldrel-macos-x86_64 0.5 NOTE
r-oldrel-windows-ix86+x86_64 0.5 8.00 39.00 47.00 OK

Check Details

Version: 0.5
Check: data for non-ASCII characters
Result: NOTE
     Note: found 1187 marked UTF-8 strings
Flavors: r-devel-linux-x86_64-fedora-clang, r-devel-linux-x86_64-fedora-gcc, r-devel-windows-x86_64-new-TK, r-release-macos-arm64, r-release-macos-x86_64, r-oldrel-macos-x86_64