CRAN Package Check Results for Package corpora

Last updated on 2020-02-25 03:46:56 CET.

Flavor Version Tinstall Tcheck Ttotal Status Flags
r-devel-linux-x86_64-debian-clang 0.5 4.37 30.49 34.86 OK
r-devel-linux-x86_64-debian-gcc 0.5 3.34 23.41 26.75 OK
r-devel-linux-x86_64-fedora-clang 0.5 41.88 NOTE
r-devel-linux-x86_64-fedora-gcc 0.5 41.88 NOTE
r-devel-windows-ix86+x86_64 0.5 8.00 43.00 51.00 OK
r-devel-windows-ix86+x86_64-gcc8 0.5 11.00 57.00 68.00 OK
r-patched-linux-x86_64 0.5 3.05 27.34 30.39 OK
r-patched-solaris-x86 0.5 59.90 NOTE
r-release-linux-x86_64 0.5 3.69 27.64 31.33 OK
r-release-windows-ix86+x86_64 0.5 7.00 54.00 61.00 OK
r-release-osx-x86_64 0.5 NOTE
r-oldrel-windows-ix86+x86_64 0.5 5.00 39.00 44.00 OK
r-oldrel-osx-x86_64 0.5 NOTE

Check Details

Version: 0.5
Check: data for non-ASCII characters
Result: NOTE
     Note: found 1187 marked UTF-8 strings
Flavors: r-devel-linux-x86_64-fedora-clang, r-devel-linux-x86_64-fedora-gcc, r-patched-solaris-x86, r-release-osx-x86_64, r-oldrel-osx-x86_64