Last updated on 2023-09-29 07:55:14 CEST.
Flavor | Version | Tinstall | Tcheck | Ttotal | Status | Flags |
---|---|---|---|---|---|---|
r-devel-linux-x86_64-debian-clang | 0.6 | 4.14 | 46.34 | 50.48 | OK | |
r-devel-linux-x86_64-debian-gcc | 0.6 | 3.52 | 35.88 | 39.40 | OK | |
r-devel-linux-x86_64-fedora-clang | 0.6 | 62.11 | NOTE | |||
r-devel-linux-x86_64-fedora-gcc | 0.6 | 63.77 | NOTE | |||
r-devel-windows-x86_64 | 0.6 | 5.00 | 73.00 | 78.00 | OK | |
r-patched-linux-x86_64 | 0.6 | 4.60 | 44.56 | 49.16 | OK | |
r-release-linux-x86_64 | 0.6 | 4.55 | 45.28 | 49.83 | OK | |
r-release-macos-arm64 | 0.6 | 29.00 | OK | |||
r-release-macos-x86_64 | 0.6 | 54.00 | OK | |||
r-release-windows-x86_64 | 0.6 | 8.00 | 68.00 | 76.00 | OK | |
r-oldrel-macos-arm64 | 0.6 | 33.00 | ERROR | |||
r-oldrel-macos-x86_64 | 0.6 | 135.00 | ERROR | |||
r-oldrel-windows-x86_64 | 0.6 | 8.00 | 75.00 | 83.00 | OK |
Version: 0.6
Check: data for non-ASCII characters
Result: NOTE
Note: found 1187 marked UTF-8 strings
Flavors: r-devel-linux-x86_64-fedora-clang, r-devel-linux-x86_64-fedora-gcc
Version: 0.6
Check: PDF version of manual
Result: WARN
LaTeX errors when creating PDF version.
This typically indicates Rd problems.
LaTeX errors found:
! Undefined control sequence.
<argument> \log _2 \dfrac
{f_1 + \frac 12}{n_1 + \frac 12} - \log _2 \dfrac ...
l.1526 }{}
! Undefined control sequence.
<argument> ...2}{n_1 + \frac 12} - \log _2 \dfrac
{f_2 + \frac 12}{n_2 + \fr...
l.1526 }{}
! Undefined control sequence.
<argument> \dfrac
{10^6 \cdot \frac {f_1}{n_1} + \lambda }{10^6 \cdot \frac...
l.1554 }{}
! Undefined control sequence.
<argument> z := \dfrac
{k - np}{\sqrt {n p (1-p)}}
l.2597 ... := \dfrac{k - np}{\sqrt{n p (1-p)}} }{}
Flavors: r-oldrel-macos-arm64, r-oldrel-macos-x86_64
Version: 0.6
Check: PDF version of manual without index
Result: ERROR
Flavors: r-oldrel-macos-arm64, r-oldrel-macos-x86_64