CRAN Package Check Results for Package corpus

Last updated on 2018-10-21 01:46:51 CEST.

Flavor Version Tinstall Tcheck Ttotal Status Flags
r-devel-linux-x86_64-debian-clang 0.10.0 25.62 48.44 74.06 OK
r-devel-linux-x86_64-debian-gcc 0.10.0 19.86 37.13 56.99 OK
r-devel-linux-x86_64-fedora-clang 0.10.0 85.91 NOTE
r-devel-linux-x86_64-fedora-gcc 0.10.0 84.20 NOTE
r-devel-windows-ix86+x86_64 0.10.0 119.00 116.00 235.00 OK
r-patched-linux-x86_64 0.10.0 23.97 42.22 66.19 OK
r-patched-solaris-x86 0.10.0 111.50 NOTE
r-release-linux-x86_64 0.10.0 23.86 42.34 66.20 OK
r-release-windows-ix86+x86_64 0.10.0 100.00 99.00 199.00 OK
r-release-osx-x86_64 0.10.0 NOTE
r-oldrel-windows-ix86+x86_64 0.10.0 87.00 104.00 191.00 OK
r-oldrel-osx-x86_64 0.10.0 NOTE

Check Details

Version: 0.10.0
Check: data for non-ASCII characters
Result: NOTE
     Note: found 578 marked UTF-8 strings
Flavors: r-devel-linux-x86_64-fedora-clang, r-devel-linux-x86_64-fedora-gcc, r-patched-solaris-x86, r-release-osx-x86_64, r-oldrel-osx-x86_64