CRAN Package Check Results for Package corpus

Last updated on 2019-05-21 10:48:17 CEST.

Flavor Version Tinstall Tcheck Ttotal Status Flags
r-devel-linux-x86_64-debian-clang 0.10.0 29.10 53.62 82.72 OK
r-devel-linux-x86_64-debian-gcc 0.10.0 20.15 42.50 62.65 OK
r-devel-linux-x86_64-fedora-clang 0.10.0 93.64 NOTE
r-devel-linux-x86_64-fedora-gcc 0.10.0 92.44 NOTE
r-devel-windows-ix86+x86_64 0.10.0 169.00 111.00 280.00 OK
r-patched-linux-x86_64 0.10.0 25.52 53.61 79.13 OK
r-patched-solaris-x86 0.10.0 129.30 NOTE
r-release-linux-x86_64 0.10.0 25.01 53.45 78.46 OK
r-release-windows-ix86+x86_64 0.10.0 119.00 120.00 239.00 OK
r-release-osx-x86_64 0.10.0 NOTE
r-oldrel-windows-ix86+x86_64 0.10.0 87.00 73.00 160.00 OK
r-oldrel-osx-x86_64 0.10.0 NOTE

Check Details

Version: 0.10.0
Check: data for non-ASCII characters
Result: NOTE
     Note: found 578 marked UTF-8 strings
Flavors: r-devel-linux-x86_64-fedora-clang, r-devel-linux-x86_64-fedora-gcc, r-patched-solaris-x86, r-release-osx-x86_64, r-oldrel-osx-x86_64