Last updated on 2023-03-29 01:51:25 CEST.
Flavor | Version | Tinstall | Tcheck | Ttotal | Status | Flags |
---|---|---|---|---|---|---|
r-devel-linux-x86_64-debian-clang | 0.10.2 | 27.57 | 64.88 | 92.45 | OK | |
r-devel-linux-x86_64-debian-gcc | 0.10.2 | 23.22 | 49.95 | 73.17 | OK | |
r-devel-linux-x86_64-fedora-clang | 0.10.2 | 114.89 | NOTE | |||
r-devel-linux-x86_64-fedora-gcc | 0.10.2 | 127.58 | NOTE | |||
r-devel-windows-x86_64 | 0.10.2 | 327.00 | 123.00 | 450.00 | WARN | |
r-patched-linux-x86_64 | 0.10.2 | 27.49 | 61.47 | 88.96 | OK | |
r-release-linux-x86_64 | 0.10.2 | 25.16 | 63.71 | 88.87 | OK | |
r-release-macos-arm64 | 0.10.2 | 42.00 | NOTE | |||
r-release-macos-x86_64 | 0.10.2 | 56.00 | NOTE | |||
r-release-windows-x86_64 | 0.10.2 | 193.00 | 124.00 | 317.00 | WARN | |
r-oldrel-macos-arm64 | 0.10.2 | 46.00 | NOTE | |||
r-oldrel-macos-x86_64 | 0.10.2 | 74.00 | NOTE | |||
r-oldrel-windows-ix86+x86_64 | 0.10.2 | 95.00 | 121.00 | 216.00 | OK |
Version: 0.10.2
Check: data for non-ASCII characters
Result: NOTE
Note: found 578 marked UTF-8 strings
Flavors: r-devel-linux-x86_64-fedora-clang, r-devel-linux-x86_64-fedora-gcc, r-release-macos-arm64, r-release-macos-x86_64, r-oldrel-macos-arm64, r-oldrel-macos-x86_64
Version: 0.10.2
Check: whether package can be installed
Result: WARN
Found the following significant warnings:
stemmer.c:171:47: warning: pointer targets in passing argument 1 of 'strlen' differ in signedness [-Wpointer-sign]
See 'd:/Rcompile/CRANpkg/local/4.3/corpus.Rcheck/00install.out' for details.
* used C compiler: 'gcc.exe (GCC) 12.2.0'
Flavor: r-devel-windows-x86_64
Version: 0.10.2
Check: whether package can be installed
Result: WARN
Found the following significant warnings:
stemmer.c:171:26: warning: pointer targets in passing argument 1 of 'strlen' differ in signedness [-Wpointer-sign]
Flavor: r-release-windows-x86_64