CRAN Package Check Results for Package corpus

Last updated on 2022-09-26 16:52:22 CEST.

Flavor Version Tinstall Tcheck Ttotal Status Flags
r-devel-linux-x86_64-debian-clang 0.10.2 26.15 63.55 89.70 OK
r-devel-linux-x86_64-debian-gcc 0.10.2 24.06 48.35 72.41 OK
r-devel-linux-x86_64-fedora-clang 0.10.2 124.19 NOTE
r-devel-linux-x86_64-fedora-gcc 0.10.2 123.13 NOTE
r-devel-windows-x86_64 0.10.2 221.00 118.00 339.00 WARN
r-patched-linux-x86_64 0.10.2 26.08 60.29 86.37 OK
r-release-linux-x86_64 0.10.2 23.57 60.25 83.82 OK
r-release-macos-arm64 0.10.2 42.00 NOTE
r-release-macos-x86_64 0.10.2 56.00 NOTE
r-release-windows-x86_64 0.10.2 305.00 119.00 424.00 WARN
r-oldrel-macos-arm64 0.10.2 46.00 NOTE
r-oldrel-macos-x86_64 0.10.2 74.00 NOTE
r-oldrel-windows-ix86+x86_64 0.10.2 94.00 117.00 211.00 OK

Check Details

Version: 0.10.2
Check: data for non-ASCII characters
Result: NOTE
     Note: found 578 marked UTF-8 strings
Flavors: r-devel-linux-x86_64-fedora-clang, r-devel-linux-x86_64-fedora-gcc, r-release-macos-arm64, r-release-macos-x86_64, r-oldrel-macos-arm64, r-oldrel-macos-x86_64

Version: 0.10.2
Check: whether package can be installed
Result: WARN
    Found the following significant warnings:
     stemmer.c:171:26: warning: pointer targets in passing argument 1 of 'strlen' differ in signedness [-Wpointer-sign]
Flavors: r-devel-windows-x86_64, r-release-windows-x86_64