CRAN Package Check Results for Package corpus

Last updated on 2018-06-25 03:48:57 CEST.

Flavor Version Tinstall Tcheck Ttotal Status Flags
r-devel-linux-x86_64-debian-clang 0.10.0 24.01 43.25 67.26 OK
r-devel-linux-x86_64-debian-gcc 0.10.0 19.02 36.36 55.38 OK
r-devel-linux-x86_64-fedora-clang 0.10.0 84.56 NOTE
r-devel-linux-x86_64-fedora-gcc 0.10.0 80.10 NOTE
r-devel-windows-ix86+x86_64 0.10.0 131.00 82.00 213.00 OK
r-patched-linux-x86_64 0.10.0 23.23 42.59 65.82 OK
r-patched-solaris-x86 0.10.0 109.60 NOTE
r-release-linux-x86_64 0.10.0 24.03 42.18 66.21 OK
r-release-windows-ix86+x86_64 0.10.0 110.00 77.00 187.00 OK
r-release-osx-x86_64 0.10.0 NOTE
r-oldrel-windows-ix86+x86_64 0.10.0 137.00 79.00 216.00 OK
r-oldrel-osx-x86_64 0.10.0 NOTE

Check Details

Version: 0.10.0
Check: data for non-ASCII characters
Result: NOTE
     Note: found 578 marked UTF-8 strings
Flavors: r-devel-linux-x86_64-fedora-clang, r-devel-linux-x86_64-fedora-gcc, r-patched-solaris-x86, r-release-osx-x86_64, r-oldrel-osx-x86_64