CRAN Package Check Results for Package corpus

Last updated on 2018-12-09 22:58:21 CET.

Flavor Version Tinstall Tcheck Ttotal Status Flags
r-devel-linux-x86_64-debian-clang 0.10.0 25.35 45.85 71.20 OK
r-devel-linux-x86_64-debian-gcc 0.10.0 19.75 35.84 55.59 OK
r-devel-linux-x86_64-fedora-clang 0.10.0 83.13 NOTE
r-devel-linux-x86_64-fedora-gcc 0.10.0 85.99 NOTE
r-devel-windows-ix86+x86_64 0.10.0 106.00 70.00 176.00 OK
r-patched-linux-x86_64 0.10.0 22.67 42.89 65.56 OK
r-patched-solaris-x86 0.10.0 118.90 NOTE
r-release-linux-x86_64 0.10.0 22.82 42.65 65.47 OK
r-release-windows-ix86+x86_64 0.10.0 125.00 78.00 203.00 OK
r-release-osx-x86_64 0.10.0 NOTE
r-oldrel-windows-ix86+x86_64 0.10.0 79.00 114.00 193.00 OK
r-oldrel-osx-x86_64 0.10.0 NOTE

Check Details

Version: 0.10.0
Check: data for non-ASCII characters
Result: NOTE
     Note: found 578 marked UTF-8 strings
Flavors: r-devel-linux-x86_64-fedora-clang, r-devel-linux-x86_64-fedora-gcc, r-patched-solaris-x86, r-release-osx-x86_64, r-oldrel-osx-x86_64