CRAN Package Check Results for Package corpus

Last updated on 2018-01-16 09:49:30 CET.

Flavor Version Tinstall Tcheck Ttotal Status Flags
r-devel-linux-x86_64-debian-clang 0.10.0 21.19 43.60 64.79 OK
r-devel-linux-x86_64-debian-gcc 0.10.0 17.34 38.44 55.78 OK
r-devel-linux-x86_64-fedora-clang 0.10.0 79.11 NOTE
r-devel-linux-x86_64-fedora-gcc 0.10.0 81.14 NOTE
r-devel-windows-ix86+x86_64 0.10.0 84.00 85.00 169.00 OK
r-patched-linux-x86_64 0.10.0 18.90 51.00 69.90 OK
r-patched-solaris-x86 0.10.0 128.30 NOTE
r-release-linux-x86_64 0.10.0 19.97 50.54 70.51 OK
r-release-windows-ix86+x86_64 0.10.0 113.00 75.00 188.00 OK
r-release-osx-x86_64 0.10.0 NOTE
r-oldrel-windows-ix86+x86_64 0.10.0 115.00 73.00 188.00 OK
r-oldrel-osx-x86_64 0.10.0 NOTE

Check Details

Version: 0.10.0
Check: data for non-ASCII characters
Result: NOTE
     Note: found 578 marked UTF-8 strings
Flavors: r-devel-linux-x86_64-fedora-clang, r-devel-linux-x86_64-fedora-gcc, r-patched-solaris-x86, r-release-osx-x86_64, r-oldrel-osx-x86_64