CRAN Package Check Results for Package corrcoverage

Last updated on 2020-08-12 20:46:53 CEST.

Flavor Version Tinstall Tcheck Ttotal Status Flags
r-devel-linux-x86_64-debian-clang 1.2.1 26.99 80.01 107.00 OK
r-devel-linux-x86_64-debian-gcc 1.2.1 20.12 57.90 78.02 OK
r-devel-linux-x86_64-fedora-clang 1.2.1 145.06 NOTE
r-devel-linux-x86_64-fedora-gcc 1.2.1 118.96 NOTE
r-patched-linux-x86_64 1.2.1 21.42 72.44 93.86 OK
r-patched-solaris-x86 1.2.1 166.60 NOTE
r-release-linux-x86_64 1.2.1 19.46 72.95 92.41 OK
r-release-macos-x86_64 1.2.1 NOTE
r-release-windows-ix86+x86_64 1.1.0 41.00 136.00 177.00 NOTE
r-oldrel-macos-x86_64 1.2.1 NOTE
r-oldrel-windows-ix86+x86_64 1.1.0 53.00 136.00 189.00 NOTE

Check Details

Version: 1.2.1
Check: installed package size
Result: NOTE
     installed size is 5.1Mb
     sub-directories of 1Mb or more:
     extdata 3.8Mb
Flavors: r-devel-linux-x86_64-fedora-clang, r-release-macos-x86_64

Version: 1.2.1
Check: dependencies in R code
Result: NOTE
    Namespace in Imports field not imported from: ‘data.table’
     All declared Imports should be used.
Flavors: r-devel-linux-x86_64-fedora-clang, r-devel-linux-x86_64-fedora-gcc, r-patched-solaris-x86, r-release-macos-x86_64, r-oldrel-macos-x86_64

Version: 1.1.0
Check: installed package size
Result: NOTE
     installed size is 5.6Mb
     sub-directories of 1Mb or more:
     extdata 3.2Mb
     libs 2.0Mb
Flavors: r-release-windows-ix86+x86_64, r-oldrel-windows-ix86+x86_64