Last updated on 2021-04-17 06:46:38 CEST.
Flavor | Version | Tinstall | Tcheck | Ttotal | Status | Flags |
---|---|---|---|---|---|---|
r-devel-linux-x86_64-debian-clang | 2.0.2 | 7.43 | 76.19 | 83.62 | OK | |
r-devel-linux-x86_64-debian-gcc | 2.0.2 | 6.79 | 55.95 | 62.74 | OK | |
r-devel-linux-x86_64-fedora-clang | 2.0.2 | 107.12 | NOTE | |||
r-devel-linux-x86_64-fedora-gcc | 2.0.2 | 94.16 | NOTE | |||
r-devel-windows-ix86+x86_64 | 2.0.2 | 18.00 | 95.00 | 113.00 | OK | |
r-devel-windows-x86_64-gcc10-UCRT | 2.0.2 | NOTE | ||||
r-patched-linux-x86_64 | 2.0.2 | 7.57 | 67.88 | 75.45 | OK | |
r-patched-solaris-x86 | 2.0.2 | 127.60 | NOTE | |||
r-release-linux-x86_64 | 2.0.2 | 7.04 | 68.04 | 75.08 | OK | |
r-release-macos-x86_64 | 2.0.2 | NOTE | ||||
r-release-windows-ix86+x86_64 | 2.0.2 | 18.00 | 96.00 | 114.00 | OK | |
r-oldrel-macos-x86_64 | 2.0.2 | WARN | ||||
r-oldrel-windows-ix86+x86_64 | 2.0.2 | 11.00 | 95.00 | 106.00 | OK |
Version: 2.0.2
Check: data for non-ASCII characters
Result: NOTE
Note: found 2 marked Latin-1 strings
Flavors: r-devel-linux-x86_64-fedora-clang, r-devel-linux-x86_64-fedora-gcc, r-devel-windows-x86_64-gcc10-UCRT, r-patched-solaris-x86, r-release-macos-x86_64, r-oldrel-macos-x86_64
Version: 2.0.2
Check: whether package can be installed
Result: WARN
Found the following significant warnings:
Warning: 'rgl_init' failed, running with rgl.useNULL = TRUE
Flavor: r-oldrel-macos-x86_64