CRAN Package Check Results for Package corrgrapher

Last updated on 2021-05-18 03:48:41 CEST.

Flavor Version Tinstall Tcheck Ttotal Status Flags
r-devel-linux-x86_64-debian-clang 1.0.4 2.65 223.87 226.52 OK
r-devel-linux-x86_64-debian-gcc 1.0.4 2.45 178.89 181.34 OK
r-devel-linux-x86_64-fedora-clang 1.0.4 274.45 OK
r-devel-linux-x86_64-fedora-gcc 1.0.4 255.34 OK
r-devel-windows-ix86+x86_64 1.0.4 8.00 183.00 191.00 OK
r-devel-windows-x86_64-gcc10-UCRT 1.0.4 OK
r-patched-linux-x86_64 1.0.4 7.38 216.57 223.95 OK
r-patched-solaris-x86 1.0.4 1833.00 OK
r-release-linux-x86_64 1.0.4 3.05 217.95 221.00 OK
r-release-macos-x86_64 1.0.4 OK
r-release-windows-ix86+x86_64 1.0.4 5.00 145.00 150.00 OK
r-oldrel-macos-x86_64 1.0.4 NOTE
r-oldrel-windows-ix86+x86_64 1.0.4 4.00 244.00 248.00 NOTE

Check Details

Version: 1.0.4
Check: R code for possible problems
Result: NOTE
    wrap_with_html_tag: no visible global function definition for ‘plot’
    wrap_with_html_tag : <anonymous>: no visible global function definition
     for ‘plot’
    Undefined global functions or variables:
     plot
    Consider adding
     importFrom("graphics", "plot")
    to your NAMESPACE file.
Flavors: r-oldrel-macos-x86_64, r-oldrel-windows-ix86+x86_64