CRAN Package Check Results for Package corrplot

Last updated on 2022-12-04 08:55:04 CET.

Flavor Version Tinstall Tcheck Ttotal Status Flags
r-devel-linux-x86_64-debian-clang 0.92 4.25 49.82 54.07 OK
r-devel-linux-x86_64-debian-gcc 0.92 3.09 38.32 41.41 OK
r-devel-linux-x86_64-fedora-clang 0.92 81.14 NOTE
r-devel-linux-x86_64-fedora-gcc 0.92 85.22 OK
r-devel-windows-x86_64 0.92 17.00 88.00 105.00 OK
r-patched-linux-x86_64 0.92 3.35 47.04 50.39 OK
r-release-linux-x86_64 0.92 3.57 46.84 50.41 OK
r-release-macos-arm64 0.92 27.00 OK
r-release-macos-x86_64 0.92 40.00 OK
r-release-windows-x86_64 0.92 24.00 89.00 113.00 OK
r-oldrel-macos-arm64 0.92 37.00 OK
r-oldrel-macos-x86_64 0.92 72.00 OK
r-oldrel-windows-ix86+x86_64 0.92 9.00 77.00 86.00 OK

Check Details

Version: 0.92
Check: installed package size
Result: NOTE
     installed size is 5.0Mb
     sub-directories of 1Mb or more:
     doc 4.8Mb
Flavor: r-devel-linux-x86_64-fedora-clang