CRAN Package Check Results for Package corto

Last updated on 2020-03-31 18:47:33 CEST.

Flavor Version Tinstall Tcheck Ttotal Status Flags
r-devel-linux-x86_64-debian-clang 1.0.5 5.44 47.43 52.87 OK
r-devel-linux-x86_64-debian-gcc 1.0.5 5.15 39.30 44.45 OK
r-devel-linux-x86_64-fedora-clang 1.0.5 64.19 NOTE
r-devel-linux-x86_64-fedora-gcc 1.0.5 61.98 NOTE
r-devel-windows-ix86+x86_64 1.0.5 16.00 76.00 92.00 OK
r-devel-windows-ix86+x86_64-gcc8 1.0.5 15.00 72.00 87.00 OK
r-patched-linux-x86_64 1.0.5 5.42 45.60 51.02 OK
r-patched-solaris-x86 1.0.5 114.40 NOTE
r-release-linux-x86_64 1.0.5 4.76 45.05 49.81 OK
r-release-windows-ix86+x86_64 1.0.5 20.00 96.00 116.00 OK
r-release-osx-x86_64 1.0.5 NOTE
r-oldrel-windows-ix86+x86_64 0.99.10 9.00 60.00 69.00 OK
r-oldrel-osx-x86_64 1.0.5 ERROR

Check Details

Version: 1.0.5
Check: dependencies in R code
Result: NOTE
    Namespaces in Imports field not imported from:
     ‘knitr’ ‘rmarkdown’
     All declared Imports should be used.
Flavors: r-devel-linux-x86_64-fedora-clang, r-devel-linux-x86_64-fedora-gcc, r-patched-solaris-x86, r-release-osx-x86_64

Version: 1.0.5
Check: whether package can be installed
Result: ERROR
    Installation failed.
Flavor: r-oldrel-osx-x86_64