CRAN Package Check Results for Package cosmicsig

Last updated on 2022-05-23 14:53:24 CEST.

Flavor Version Tinstall Tcheck Ttotal Status Flags
r-devel-linux-x86_64-debian-clang 1.0.7 2.94 33.26 36.20 OK
r-devel-linux-x86_64-debian-gcc 1.0.7 2.37 26.03 28.40 OK
r-devel-linux-x86_64-fedora-clang 1.0.7 46.72 OK
r-devel-linux-x86_64-fedora-gcc 1.0.7 43.07 OK
r-devel-windows-x86_64 1.0.7 18.00 52.00 70.00 OK
r-patched-linux-x86_64 1.0.7 3.38 32.41 35.79 OK
r-release-linux-x86_64 1.0.7 OK
r-release-macos-arm64 1.0.7 21.00 NOTE
r-release-macos-x86_64 1.0.7 22.00 OK
r-release-windows-x86_64 1.0.7 22.00 50.00 72.00 OK
r-oldrel-macos-arm64 1.0.7 20.00 OK
r-oldrel-macos-x86_64 1.0.7 25.00 OK
r-oldrel-windows-ix86+x86_64 1.0.7 6.00 45.00 51.00 OK

Check Details

Version: 1.0.7
Check: package dependencies
Result: NOTE
    Package suggested but not available for checking: ‘ICAMS’
Flavor: r-release-macos-arm64

Version: 1.0.7
Check: Rd cross-references
Result: NOTE
    Package unavailable to check Rd xrefs: ‘ICAMS’
Flavor: r-release-macos-arm64