CRAN Package Check Results for Package countcolors

Last updated on 2020-04-07 16:47:53 CEST.

Flavor Version Tinstall Tcheck Ttotal Status Flags
r-devel-linux-x86_64-debian-clang 0.9.1 2.71 100.53 103.24 OK
r-devel-linux-x86_64-debian-gcc 0.9.1 2.32 72.45 74.77 OK
r-devel-linux-x86_64-fedora-clang 0.9.1 117.74 NOTE
r-devel-linux-x86_64-fedora-gcc 0.9.1 120.10 NOTE
r-devel-windows-ix86+x86_64 0.9.1 20.00 101.00 121.00 OK
r-devel-windows-ix86+x86_64-gcc8 0.9.1 9.00 90.00 99.00 OK
r-patched-linux-x86_64 0.9.1 2.96 98.09 101.05 OK
r-patched-solaris-x86 0.9.1 177.30 NOTE
r-release-linux-x86_64 0.9.1 2.39 90.62 93.01 OK
r-release-windows-ix86+x86_64 0.9.1 9.00 144.00 153.00 OK
r-release-osx-x86_64 0.9.1 NOTE
r-oldrel-windows-ix86+x86_64 0.9.1 4.00 98.00 102.00 OK
r-oldrel-osx-x86_64 0.9.1 NOTE

Check Details

Version: 0.9.1
Check: dependencies in R code
Result: NOTE
    Namespace in Imports field not imported from: ‘jpeg’
     All declared Imports should be used.
Flavors: r-devel-linux-x86_64-fedora-clang, r-devel-linux-x86_64-fedora-gcc, r-patched-solaris-x86, r-release-osx-x86_64, r-oldrel-osx-x86_64