CRAN Package Check Results for Package countdata

Last updated on 2023-02-06 23:02:10 CET.

Flavor Version Tinstall Tcheck Ttotal Status Flags
r-devel-linux-x86_64-debian-clang 1.2 5.23 29.49 34.72 WARN
r-devel-linux-x86_64-debian-gcc 1.2 3.85 22.46 26.31 WARN
r-devel-linux-x86_64-fedora-clang 1.2 43.72 WARN
r-devel-linux-x86_64-fedora-gcc 1.2 56.09 WARN
r-devel-windows-x86_64 1.2 18.00 70.00 88.00 OK
r-patched-linux-x86_64 1.2 5.21 29.26 34.47 OK
r-release-linux-x86_64 1.2 5.02 29.69 34.71 OK
r-release-macos-arm64 1.2 19.00 OK
r-release-macos-x86_64 1.2 26.00 OK
r-release-windows-x86_64 1.2 19.00 70.00 89.00 OK
r-oldrel-macos-arm64 1.2 21.00 OK
r-oldrel-macos-x86_64 1.2 24.00 OK
r-oldrel-windows-ix86+x86_64 1.2 16.00 82.00 98.00 OK

Check Details

Version: 1.2
Check: whether package can be installed
Result: WARN
    Found the following significant warnings:
     bb.c:719:13: warning: a function declaration without a prototype is deprecated in all versions of C [-Wstrict-prototypes]
     ibb.c:78:13: warning: a function declaration without a prototype is deprecated in all versions of C [-Wstrict-prototypes]
    See ‘/home/hornik/tmp/R.check/r-devel-clang/Work/PKGS/countdata.Rcheck/00install.out’ for details.
    * used C compiler: ‘Debian clang version 15.0.6’
Flavor: r-devel-linux-x86_64-debian-clang

Version: 1.2
Check: whether package can be installed
Result: WARN
    Found the following significant warnings:
     bb.c:719:5: warning: function declaration isn’t a prototype [-Wstrict-prototypes]
     ibb.c:78:1: warning: function declaration isn’t a prototype [-Wstrict-prototypes]
    See ‘/home/hornik/tmp/R.check/r-devel-gcc/Work/PKGS/countdata.Rcheck/00install.out’ for details.
    * used C compiler: ‘gcc-12 (Debian 12.2.0-14) 12.2.0’
Flavor: r-devel-linux-x86_64-debian-gcc

Version: 1.2
Check: whether package can be installed
Result: WARN
    Found the following significant warnings:
     bb.c:719:13: warning: a function declaration without a prototype is deprecated in all versions of C [-Wstrict-prototypes]
     ibb.c:78:13: warning: a function declaration without a prototype is deprecated in all versions of C [-Wstrict-prototypes]
    See ‘/data/gannet/ripley/R/packages/tests-clang/countdata.Rcheck/00install.out’ for details.
    * used C compiler: ‘clang version 15.0.7’
Flavor: r-devel-linux-x86_64-fedora-clang

Version: 1.2
Check: whether package can be installed
Result: WARN
    Found the following significant warnings:
     bb.c:719:5: warning: function declaration isn’t a prototype [-Wstrict-prototypes]
     ibb.c:78:1: warning: function declaration isn’t a prototype [-Wstrict-prototypes]
    See ‘/data/gannet/ripley/R/packages/tests-devel/countdata.Rcheck/00install.out’ for details.
    * used C compiler: ‘gcc (GCC) 12.2.1 20221121 (Red Hat 12.2.1-4)’
Flavor: r-devel-linux-x86_64-fedora-gcc