CRAN Package Check Results for Package countrycode

Last updated on 2022-01-24 07:49:44 CET.

Flavor Version Tinstall Tcheck Ttotal Status Flags
r-devel-linux-x86_64-debian-clang 1.3.0 3.87 131.75 135.62 OK
r-devel-linux-x86_64-debian-gcc 1.3.0 3.81 95.87 99.68 OK
r-devel-linux-x86_64-fedora-clang 1.3.0 163.11 NOTE
r-devel-linux-x86_64-fedora-gcc 1.3.0 150.52 NOTE
r-devel-windows-x86_64-new-UL 1.3.0 64.00 257.00 321.00 OK
r-devel-windows-x86_64-new-TK 1.3.0 NOTE
r-patched-linux-x86_64 1.3.0 4.66 128.87 133.53 OK
r-release-linux-x86_64 1.3.0 4.44 129.29 133.73 OK
r-release-macos-arm64 1.3.0 NOTE
r-release-macos-x86_64 1.3.0 NOTE
r-release-windows-ix86+x86_64 1.3.0 8.00 211.00 219.00 OK
r-oldrel-macos-x86_64 1.3.0 NOTE
r-oldrel-windows-ix86+x86_64 1.3.0 9.00 206.00 215.00 OK

Check Details

Version: 1.3.0
Check: data for non-ASCII characters
Result: NOTE
     Note: found 128401 marked UTF-8 strings
Flavors: r-devel-linux-x86_64-fedora-clang, r-devel-linux-x86_64-fedora-gcc, r-devel-windows-x86_64-new-TK, r-release-macos-arm64, r-release-macos-x86_64, r-oldrel-macos-x86_64