CRAN Package Check Results for Package covTestR

Last updated on 2021-08-02 14:51:53 CEST.

Flavor Version Tinstall Tcheck Ttotal Status Flags
r-devel-linux-x86_64-debian-clang 0.1.4 186.41 33.62 220.03 NOTE
r-devel-linux-x86_64-debian-gcc 0.1.4 124.08 26.08 150.16 NOTE
r-devel-linux-x86_64-fedora-clang 0.1.4 327.02 NOTE
r-devel-linux-x86_64-fedora-gcc 0.1.4 285.86 NOTE
r-devel-windows-x86_64 0.1.4 179.00 60.00 239.00 NOTE
r-devel-windows-x86_64-gcc10-UCRT 0.1.4 NOTE
r-patched-linux-x86_64 0.1.4 NOTE
r-patched-solaris-x86 0.1.4 256.10 NOTE
r-release-linux-x86_64 0.1.4 146.85 32.45 179.30 NOTE
r-release-macos-arm64 0.1.4 NOTE
r-release-macos-x86_64 0.1.4 NOTE
r-release-windows-ix86+x86_64 0.1.4 464.00 63.00 527.00 NOTE
r-oldrel-macos-x86_64 0.1.4 OK
r-oldrel-windows-ix86+x86_64 0.1.4 328.00 81.00 409.00 OK

Check Details

Version: 0.1.4
Check: LazyData
Result: NOTE
     'LazyData' is specified without a 'data' directory
Flavors: r-devel-linux-x86_64-debian-clang, r-devel-linux-x86_64-debian-gcc, r-devel-linux-x86_64-fedora-clang, r-devel-linux-x86_64-fedora-gcc, r-devel-windows-x86_64, r-devel-windows-x86_64-gcc10-UCRT, r-patched-linux-x86_64, r-patched-solaris-x86, r-release-linux-x86_64, r-release-macos-arm64, r-release-macos-x86_64, r-release-windows-ix86+x86_64

Version: 0.1.4
Check: installed package size
Result: NOTE
     installed size is 5.0Mb
     sub-directories of 1Mb or more:
     libs 4.9Mb
Flavors: r-devel-linux-x86_64-fedora-clang, r-release-macos-arm64