CRAN Package Check Results for Package covTestR

Last updated on 2021-04-20 11:48:39 CEST.

Flavor Version Tinstall Tcheck Ttotal Status Flags
r-devel-linux-x86_64-debian-clang 0.1.4 189.16 32.58 221.74 NOTE
r-devel-linux-x86_64-debian-gcc 0.1.4 121.50 25.65 147.15 NOTE
r-devel-linux-x86_64-fedora-clang 0.1.4 322.07 NOTE
r-devel-linux-x86_64-fedora-gcc 0.1.4 304.29 NOTE
r-devel-windows-ix86+x86_64 0.1.4 462.00 61.00 523.00 NOTE
r-devel-windows-x86_64-gcc10-UCRT 0.1.4 NOTE
r-patched-linux-x86_64 0.1.4 148.54 31.25 179.79 OK
r-patched-solaris-x86 0.1.4 244.20 OK
r-release-linux-x86_64 0.1.4 148.97 31.42 180.39 OK
r-release-macos-x86_64 0.1.4 OK
r-release-windows-ix86+x86_64 0.1.4 466.00 81.00 547.00 OK
r-oldrel-macos-x86_64 0.1.4 OK
r-oldrel-windows-ix86+x86_64 0.1.4 311.00 64.00 375.00 OK

Check Details

Version: 0.1.4
Check: LazyData
Result: NOTE
     'LazyData' is specified without a 'data' directory
Flavors: r-devel-linux-x86_64-debian-clang, r-devel-linux-x86_64-debian-gcc, r-devel-linux-x86_64-fedora-clang, r-devel-linux-x86_64-fedora-gcc, r-devel-windows-ix86+x86_64, r-devel-windows-x86_64-gcc10-UCRT