Last updated on 2023-09-26 14:04:53 CEST.
Flavor | Version | Tinstall | Tcheck | Ttotal | Status | Flags |
---|---|---|---|---|---|---|
r-devel-linux-x86_64-debian-clang | 0.1.4 | 193.55 | 39.39 | 232.94 | NOTE | |
r-devel-linux-x86_64-debian-gcc | 0.1.4 | 130.97 | 30.10 | 161.07 | NOTE | |
r-devel-linux-x86_64-fedora-clang | 0.1.4 | 357.46 | NOTE | |||
r-devel-linux-x86_64-fedora-gcc | 0.1.4 | 360.88 | NOTE | |||
r-devel-windows-x86_64 | 0.1.4 | 148.00 | 80.00 | 228.00 | NOTE | |
r-patched-linux-x86_64 | 0.1.4 | 197.40 | 38.28 | 235.68 | NOTE | |
r-release-linux-x86_64 | 0.1.4 | 188.97 | 38.59 | 227.56 | NOTE | |
r-release-macos-arm64 | 0.1.4 | 82.00 | NOTE | |||
r-release-macos-x86_64 | 0.1.4 | 119.00 | NOTE | |||
r-release-windows-x86_64 | 0.1.4 | 188.00 | 82.00 | 270.00 | NOTE | |
r-oldrel-macos-arm64 | 0.1.4 | 64.00 | NOTE | |||
r-oldrel-macos-x86_64 | 0.1.4 | 86.00 | NOTE | |||
r-oldrel-windows-x86_64 | 0.1.4 | 179.00 | 75.00 | 254.00 | NOTE |
Version: 0.1.4
Check: C++ specification
Result: NOTE
Specified C++11: please drop specification unless essential
Flavors: r-devel-linux-x86_64-debian-clang, r-devel-linux-x86_64-debian-gcc, r-devel-linux-x86_64-fedora-clang, r-devel-linux-x86_64-fedora-gcc, r-devel-windows-x86_64, r-patched-linux-x86_64, r-release-linux-x86_64, r-release-macos-arm64, r-release-macos-x86_64, r-release-windows-x86_64
Version: 0.1.4
Check: LazyData
Result: NOTE
'LazyData' is specified without a 'data' directory
Flavors: r-devel-linux-x86_64-debian-clang, r-devel-linux-x86_64-debian-gcc, r-devel-linux-x86_64-fedora-clang, r-devel-linux-x86_64-fedora-gcc, r-devel-windows-x86_64, r-patched-linux-x86_64, r-release-linux-x86_64, r-release-macos-arm64, r-release-macos-x86_64, r-release-windows-x86_64, r-oldrel-macos-arm64, r-oldrel-macos-x86_64, r-oldrel-windows-x86_64