CRAN Package Check Results for Package covTestR

Last updated on 2020-10-19 23:49:13 CEST.

Flavor Version Tinstall Tcheck Ttotal Status Flags
r-devel-linux-x86_64-debian-clang 0.1.4 184.73 31.38 216.11 OK
r-devel-linux-x86_64-debian-gcc 0.1.4 134.05 24.51 158.56 OK
r-devel-linux-x86_64-fedora-clang 0.1.4 327.53 NOTE
r-devel-linux-x86_64-fedora-gcc 0.1.4 285.30 OK
r-devel-windows-ix86+x86_64 0.1.4 333.00 62.00 395.00 OK
r-patched-linux-x86_64 0.1.4 173.55 30.01 203.56 OK
r-patched-solaris-x86 0.1.4 234.50 OK
r-release-linux-x86_64 0.1.4 170.72 29.84 200.56 OK
r-release-macos-x86_64 0.1.4 OK
r-release-windows-ix86+x86_64 0.1.4 341.00 61.00 402.00 OK
r-oldrel-macos-x86_64 0.1.4 OK
r-oldrel-windows-ix86+x86_64 0.1.4 292.00 56.00 348.00 OK

Check Details

Version: 0.1.4
Check: installed package size
Result: NOTE
     installed size is 5.7Mb
     sub-directories of 1Mb or more:
     libs 5.5Mb
Flavor: r-devel-linux-x86_64-fedora-clang