CRAN Package Check Results for Package covTestR

Last updated on 2021-01-16 03:49:39 CET.

Flavor Version Tinstall Tcheck Ttotal Status Flags
r-devel-linux-x86_64-debian-clang 0.1.4 181.78 32.05 213.83 OK
r-devel-linux-x86_64-debian-gcc 0.1.4 122.46 25.50 147.96 OK
r-devel-linux-x86_64-fedora-clang 0.1.4 325.49 NOTE
r-devel-linux-x86_64-fedora-gcc 0.1.4 277.85 OK
r-devel-windows-ix86+x86_64 0.1.4 334.00 65.00 399.00 OK
r-patched-linux-x86_64 0.1.4 146.23 31.14 177.37 OK
r-patched-solaris-x86 0.1.4 237.80 OK
r-release-linux-x86_64 0.1.4 150.09 30.57 180.66 OK
r-release-macos-x86_64 0.1.4 OK
r-release-windows-ix86+x86_64 0.1.4 375.00 64.00 439.00 OK
r-oldrel-macos-x86_64 0.1.4 OK
r-oldrel-windows-ix86+x86_64 0.1.4 294.00 60.00 354.00 OK

Check Details

Version: 0.1.4
Check: installed package size
Result: NOTE
     installed size is 5.7Mb
     sub-directories of 1Mb or more:
     libs 5.5Mb
Flavor: r-devel-linux-x86_64-fedora-clang