CRAN Package Check Results for Package covTestR

Last updated on 2020-06-04 03:49:14 CEST.

Flavor Version Tinstall Tcheck Ttotal Status Flags
r-devel-linux-x86_64-debian-clang 0.1.4 181.14 29.64 210.78 OK
r-devel-linux-x86_64-debian-gcc 0.1.4 138.50 23.50 162.00 OK
r-devel-linux-x86_64-fedora-clang 0.1.4 311.67 NOTE
r-devel-linux-x86_64-fedora-gcc 0.1.4 275.38 OK
r-devel-windows-ix86+x86_64 0.1.4 484.00 99.00 583.00 OK
r-patched-linux-x86_64 0.1.4 142.84 29.55 172.39 OK
r-patched-solaris-x86 0.1.4 225.10 OK
r-release-linux-x86_64 0.1.4 142.96 29.40 172.36 OK
r-release-osx-x86_64 0.1.4 OK
r-release-windows-ix86+x86_64 0.1.4 370.00 71.00 441.00 OK
r-oldrel-osx-x86_64 0.1.4 OK
r-oldrel-windows-ix86+x86_64 0.1.4 437.00 64.00 501.00 OK

Check Details

Version: 0.1.4
Check: installed package size
Result: NOTE
     installed size is 5.9Mb
     sub-directories of 1Mb or more:
     libs 5.7Mb
Flavor: r-devel-linux-x86_64-fedora-clang