CRAN Package Check Results for Package covTestR

Last updated on 2022-11-27 05:51:28 CET.

Flavor Version Tinstall Tcheck Ttotal Status Flags
r-devel-linux-x86_64-debian-clang 0.1.4 174.27 38.45 212.72 NOTE
r-devel-linux-x86_64-debian-gcc 0.1.4 145.46 29.30 174.76 NOTE
r-devel-linux-x86_64-fedora-clang 0.1.4 391.63 NOTE
r-devel-linux-x86_64-fedora-gcc 0.1.4 339.48 NOTE
r-devel-windows-x86_64 0.1.4 163.00 91.00 254.00 NOTE
r-patched-linux-x86_64 0.1.4 153.84 36.35 190.19 NOTE
r-release-linux-x86_64 0.1.4 149.93 36.63 186.56 NOTE
r-release-macos-arm64 0.1.4 64.00 NOTE
r-release-macos-x86_64 0.1.4 86.00 NOTE
r-release-windows-x86_64 0.1.4 154.00 89.00 243.00 NOTE
r-oldrel-macos-arm64 0.1.4 74.00 NOTE
r-oldrel-macos-x86_64 0.1.4 134.00 NOTE
r-oldrel-windows-ix86+x86_64 0.1.4 472.00 93.00 565.00 NOTE

Check Details

Version: 0.1.4
Check: LazyData
Result: NOTE
     'LazyData' is specified without a 'data' directory
Flavors: r-devel-linux-x86_64-debian-clang, r-devel-linux-x86_64-debian-gcc, r-devel-linux-x86_64-fedora-clang, r-devel-linux-x86_64-fedora-gcc, r-devel-windows-x86_64, r-patched-linux-x86_64, r-release-linux-x86_64, r-release-macos-arm64, r-release-macos-x86_64, r-release-windows-x86_64, r-oldrel-macos-arm64, r-oldrel-macos-x86_64, r-oldrel-windows-ix86+x86_64

Version: 0.1.4
Check: installed package size
Result: NOTE
     installed size is 5.2Mb
     sub-directories of 1Mb or more:
     libs 5.1Mb
Flavor: r-oldrel-macos-arm64