Last updated on 2023-03-27 05:52:38 CEST.
Flavor | Version | Tinstall | Tcheck | Ttotal | Status | Flags |
---|---|---|---|---|---|---|
r-devel-linux-x86_64-debian-clang | 0.1.4 | 210.09 | 39.33 | 249.42 | NOTE | |
r-devel-linux-x86_64-debian-gcc | 0.1.4 | 150.82 | 30.25 | 181.07 | NOTE | |
r-devel-linux-x86_64-fedora-gcc | 0.1.4 | 299.72 | NOTE | |||
r-patched-linux-x86_64 | 0.1.4 | 166.91 | 37.93 | 204.84 | NOTE | |
r-release-linux-x86_64 | 0.1.4 | 160.50 | 39.53 | 200.03 | NOTE | |
r-release-macos-arm64 | 0.1.4 | 64.00 | NOTE | |||
r-release-macos-x86_64 | 0.1.4 | 86.00 | NOTE | |||
r-release-windows-x86_64 | 0.1.4 | 256.00 | 95.00 | 351.00 | NOTE | |
r-oldrel-macos-arm64 | 0.1.4 | 74.00 | NOTE | |||
r-oldrel-macos-x86_64 | 0.1.4 | 134.00 | NOTE | |||
r-oldrel-windows-ix86+x86_64 | 0.1.4 | 466.00 | 98.00 | 564.00 | NOTE |
Version: 0.1.4
Check: C++ specification
Result: NOTE
Specified C++11: please drop specification unless essential
Flavors: r-devel-linux-x86_64-debian-clang, r-devel-linux-x86_64-debian-gcc, r-devel-linux-x86_64-fedora-gcc, r-patched-linux-x86_64
Version: 0.1.4
Check: LazyData
Result: NOTE
'LazyData' is specified without a 'data' directory
Flavors: r-devel-linux-x86_64-debian-clang, r-devel-linux-x86_64-debian-gcc, r-devel-linux-x86_64-fedora-gcc, r-patched-linux-x86_64, r-release-linux-x86_64, r-release-macos-arm64, r-release-macos-x86_64, r-release-windows-x86_64, r-oldrel-macos-arm64, r-oldrel-macos-x86_64, r-oldrel-windows-ix86+x86_64
Version: 0.1.4
Check: installed package size
Result: NOTE
installed size is 5.2Mb
sub-directories of 1Mb or more:
libs 5.1Mb
Flavor: r-oldrel-macos-arm64