CRAN Package Check Results for Package covatest

Last updated on 2020-10-29 11:49:56 CET.

Flavor Version Tinstall Tcheck Ttotal Status Flags
r-devel-linux-x86_64-debian-clang 1.1.3 15.88 92.27 108.15 OK
r-devel-linux-x86_64-debian-gcc 1.1.3 14.02 71.89 85.91 OK
r-devel-linux-x86_64-fedora-clang 1.1.3 142.35 NOTE
r-devel-linux-x86_64-fedora-gcc 1.1.3 139.35 NOTE
r-devel-windows-ix86+x86_64 1.1.3 33.00 113.00 146.00 OK
r-patched-linux-x86_64 1.1.3 17.35 88.35 105.70 OK
r-patched-solaris-x86 1.1.3 180.40 NOTE
r-release-linux-x86_64 1.1.3 14.86 88.17 103.03 OK
r-release-macos-x86_64 1.1.3 NOTE
r-release-windows-ix86+x86_64 1.1.3 24.00 110.00 134.00 OK
r-oldrel-macos-x86_64 1.1.3 NOTE
r-oldrel-windows-ix86+x86_64 1.1.3 27.00 104.00 131.00 OK

Check Details

Version: 1.1.3
Check: dependencies in R code
Result: NOTE
    Namespace in Imports field not imported from: ‘gstat’
     All declared Imports should be used.
Flavors: r-devel-linux-x86_64-fedora-clang, r-devel-linux-x86_64-fedora-gcc, r-patched-solaris-x86, r-release-macos-x86_64, r-oldrel-macos-x86_64