CRAN Package Check Results for Package covequal

Last updated on 2021-10-15 22:54:11 CEST.

Flavor Version Tinstall Tcheck Ttotal Status Flags
r-devel-linux-x86_64-debian-clang 0.1.0 1.99 23.88 25.87 NOTE
r-devel-linux-x86_64-debian-gcc 0.1.0 1.46 19.05 20.51 NOTE
r-devel-linux-x86_64-fedora-clang 0.1.0 41.70 NOTE
r-devel-linux-x86_64-fedora-gcc 0.1.0 31.04 NOTE
r-devel-windows-x86_64 0.1.0 3.00 32.00 35.00 NOTE
r-devel-windows-x86_64-gcc10-UCRT 0.1.0 NOTE
r-patched-linux-x86_64 0.1.0 1.75 23.80 25.55 NOTE
r-patched-solaris-x86 0.1.0 50.40 NOTE
r-release-linux-x86_64 0.1.0 1.91 23.53 25.44 NOTE
r-release-macos-arm64 0.1.0 NOTE
r-release-macos-x86_64 0.1.0 NOTE
r-release-windows-ix86+x86_64 0.1.0 5.00 50.00 55.00 NOTE
r-oldrel-macos-x86_64 0.1.0 OK
r-oldrel-windows-ix86+x86_64 0.1.0 6.00 44.00 50.00 OK

Check Details

Version: 0.1.0
Check: LazyData
Result: NOTE
     'LazyData' is specified without a 'data' directory
Flavors: r-devel-linux-x86_64-debian-clang, r-devel-linux-x86_64-debian-gcc, r-devel-linux-x86_64-fedora-clang, r-devel-linux-x86_64-fedora-gcc, r-devel-windows-x86_64, r-devel-windows-x86_64-gcc10-UCRT, r-patched-linux-x86_64, r-patched-solaris-x86, r-release-linux-x86_64, r-release-macos-arm64, r-release-macos-x86_64, r-release-windows-ix86+x86_64