CRAN Package Check Results for Package covid19france

Last updated on 2020-09-26 08:49:29 CEST.

Flavor Version Tinstall Tcheck Ttotal Status Flags
r-devel-linux-x86_64-debian-clang 0.1.0 1.89 74.82 76.71 OK
r-devel-linux-x86_64-debian-gcc 0.1.0 1.51 52.64 54.15 OK
r-devel-linux-x86_64-fedora-clang 0.1.0 92.32 NOTE
r-devel-linux-x86_64-fedora-gcc 0.1.0 84.21 NOTE
r-devel-windows-ix86+x86_64 0.1.0 5.00 97.00 102.00 OK
r-patched-linux-x86_64 0.1.0 1.89 70.03 71.92 OK
r-patched-solaris-x86 0.1.0 96.40 NOTE
r-release-linux-x86_64 0.1.0 1.85 71.77 73.62 OK
r-release-macos-x86_64 0.1.0 NOTE
r-release-windows-ix86+x86_64 0.1.0 26.00 105.00 131.00 OK
r-oldrel-macos-x86_64 0.1.0 NOTE
r-oldrel-windows-ix86+x86_64 0.1.0 5.00 96.00 101.00 OK

Check Details

Version: 0.1.0
Check: dependencies in R code
Result: NOTE
    Namespace in Imports field not imported from: ‘lubridate’
     All declared Imports should be used.
Flavors: r-devel-linux-x86_64-fedora-clang, r-devel-linux-x86_64-fedora-gcc, r-patched-solaris-x86, r-release-macos-x86_64, r-oldrel-macos-x86_64