CRAN Package Check Results for Package covid19sf

Last updated on 2021-01-17 01:49:39 CET.

Flavor Version Tinstall Tcheck Ttotal Status Flags
r-devel-linux-x86_64-debian-clang 0.1.0 4.33 32.85 37.18 OK
r-devel-linux-x86_64-debian-gcc 0.1.0 3.22 26.35 29.57 OK
r-devel-linux-x86_64-fedora-clang 0.1.0 56.02 NOTE
r-devel-linux-x86_64-fedora-gcc 0.1.0 45.11 NOTE
r-devel-windows-ix86+x86_64 0.1.0 7.00 43.00 50.00 OK
r-patched-linux-x86_64 0.1.0 2.53 32.36 34.89 OK
r-patched-solaris-x86 0.1.0 69.50 NOTE
r-release-linux-x86_64 0.1.0 4.42 32.28 36.70 OK
r-release-macos-x86_64 0.1.0 NOTE
r-release-windows-ix86+x86_64 0.1.0 8.00 43.00 51.00 OK
r-oldrel-macos-x86_64 0.1.0 NOTE
r-oldrel-windows-ix86+x86_64 0.1.0 7.00 48.00 55.00 OK

Check Details

Version: 0.1.0
Check: dependencies in R code
Result: NOTE
    Namespaces in Imports field not imported from:
     ‘mapview’ ‘plotly’
     All declared Imports should be used.
Flavors: r-devel-linux-x86_64-fedora-clang, r-devel-linux-x86_64-fedora-gcc, r-patched-solaris-x86, r-release-macos-x86_64, r-oldrel-macos-x86_64