CRAN Package Check Results for Package covid19srilanka

Last updated on 2022-12-06 01:52:01 CET.

Flavor Version Tinstall Tcheck Ttotal Status Flags
r-devel-linux-x86_64-debian-clang 1.0.0 2.23 20.88 23.11 OK
r-devel-linux-x86_64-debian-gcc 1.0.0 1.94 16.35 18.29 OK
r-devel-linux-x86_64-fedora-clang 1.0.0 42.28 NOTE
r-devel-linux-x86_64-fedora-gcc 1.0.0 37.73 NOTE
r-devel-windows-x86_64 1.0.0 12.00 48.00 60.00 OK
r-patched-linux-x86_64 1.0.0 1.73 20.37 22.10 OK
r-release-linux-x86_64 1.0.0 1.67 20.36 22.03 OK
r-release-macos-arm64 1.0.0 15.00 NOTE
r-release-macos-x86_64 1.0.0 25.00 NOTE
r-release-windows-x86_64 1.0.0 13.00 47.00 60.00 OK
r-oldrel-macos-arm64 1.0.0 14.00 NOTE
r-oldrel-macos-x86_64 1.0.0 23.00 NOTE
r-oldrel-windows-ix86+x86_64 1.0.0 8.00 43.00 51.00 OK

Check Details

Version: 1.0.0
Check: dependencies in R code
Result: NOTE
    Namespace in Imports field not imported from: ‘tidyverse’
     All declared Imports should be used.
Flavors: r-devel-linux-x86_64-fedora-clang, r-devel-linux-x86_64-fedora-gcc, r-release-macos-arm64, r-release-macos-x86_64, r-oldrel-macos-arm64, r-oldrel-macos-x86_64