CRAN Package Check Results for Package covidsymptom

Last updated on 2021-09-19 15:49:06 CEST.

Flavor Version Tinstall Tcheck Ttotal Status Flags
r-devel-linux-x86_64-debian-clang 0.9.2 2.63 25.83 28.46 OK
r-devel-linux-x86_64-debian-gcc 0.9.2 2.07 20.71 22.78 OK
r-devel-linux-x86_64-fedora-clang 0.9.2 43.65 OK
r-devel-linux-x86_64-fedora-gcc 0.9.2 33.29 OK
r-devel-windows-x86_64 0.9.2 5.00 44.00 49.00 OK
r-devel-windows-x86_64-gcc10-UCRT 0.9.2 ERROR
r-patched-linux-x86_64 0.9.2 2.64 24.97 27.61 OK
r-patched-solaris-x86 0.9.2 55.00 OK
r-release-linux-x86_64 0.9.2 2.42 24.96 27.38 OK
r-release-macos-arm64 0.9.2 OK
r-release-macos-x86_64 0.9.2 OK
r-release-windows-ix86+x86_64 0.9.2 6.00 34.00 40.00 OK
r-oldrel-macos-x86_64 0.9.2 OK
r-oldrel-windows-ix86+x86_64 0.9.2 8.00 44.00 52.00 OK

Check Details

Version: 0.9.2
Check: whether package can be installed
Result: WARN
    Found the following significant warnings:
     WARNING: installation-time patches will not be applied, could not get the patches index
Flavor: r-devel-windows-x86_64-gcc10-UCRT

Version: 0.9.2
Check: PDF version of manual
Result: WARN
    LaTeX errors when creating PDF version.
    This typically indicates Rd problems.
Flavor: r-devel-windows-x86_64-gcc10-UCRT

Version: 0.9.2
Check: PDF version of manual without hyperrefs or index
Result: ERROR
    Re-running with no redirection of stdout/stderr.
Flavor: r-devel-windows-x86_64-gcc10-UCRT