CRAN Package Check Results for Package covr

Last updated on 2022-01-18 10:17:11 CET.

Flavor Version Tinstall Tcheck Ttotal Status Flags
r-devel-linux-x86_64-debian-clang 3.5.1 5.77 124.25 130.02 NOTE
r-devel-linux-x86_64-debian-gcc 3.5.1 4.80 99.97 104.77 NOTE
r-devel-linux-x86_64-fedora-clang 3.5.1 158.77 NOTE
r-devel-linux-x86_64-fedora-gcc 3.5.1 173.16 NOTE
r-devel-windows-x86_64-new-UL 3.5.1 103.00 256.00 359.00 NOTE
r-devel-windows-x86_64-new-TK 3.5.1 NOTE
r-patched-linux-x86_64 3.5.1 5.46 121.21 126.67 NOTE
r-release-linux-x86_64 3.5.1 NOTE
r-release-macos-arm64 3.5.1 NOTE
r-release-macos-x86_64 3.5.1 NOTE
r-release-windows-ix86+x86_64 3.5.1 11.00 322.00 333.00 NOTE
r-oldrel-macos-x86_64 3.5.1 OK
r-oldrel-windows-ix86+x86_64 3.5.1 13.00 327.00 340.00 OK

Check Details

Version: 3.5.1
Check: LazyData
Result: NOTE
     'LazyData' is specified without a 'data' directory
Flavors: r-devel-linux-x86_64-debian-clang, r-devel-linux-x86_64-debian-gcc, r-devel-linux-x86_64-fedora-clang, r-devel-linux-x86_64-fedora-gcc, r-devel-windows-x86_64-new-UL, r-devel-windows-x86_64-new-TK, r-patched-linux-x86_64, r-release-linux-x86_64, r-release-macos-arm64, r-release-macos-x86_64, r-release-windows-ix86+x86_64