CRAN Package Check Results for Package covreg

Last updated on 2021-01-20 02:50:13 CET.

Flavor Version Tinstall Tcheck Ttotal Status Flags
r-devel-linux-x86_64-debian-clang 1.0 1.96 27.39 29.35 NOTE
r-devel-linux-x86_64-debian-gcc 1.0 1.60 22.10 23.70 NOTE
r-devel-linux-x86_64-fedora-clang 1.0 46.23 NOTE
r-devel-linux-x86_64-fedora-gcc 1.0 36.00 NOTE
r-devel-windows-ix86+x86_64 1.0 3.00 35.00 38.00 NOTE
r-patched-linux-x86_64 1.0 1.80 26.85 28.65 NOTE
r-patched-solaris-x86 1.0 59.80 NOTE
r-release-linux-x86_64 1.0 1.92 27.04 28.96 NOTE
r-release-macos-x86_64 1.0 NOTE
r-release-windows-ix86+x86_64 1.0 4.00 32.00 36.00 NOTE
r-oldrel-macos-x86_64 1.0 NOTE
r-oldrel-windows-ix86+x86_64 1.0 4.00 54.00 58.00 NOTE

Check Details

Version: 1.0
Check: R code for possible problems
Result: NOTE
    covreg.mcmc: no visible global function definition for 'model.frame'
    covreg.mcmc: no visible global function definition for 'model.matrix'
    covreg.mcmc: no visible global function definition for 'model.response'
    covreg.mcmc: no visible global function definition for 'lm'
    covreg.mcmc: no visible global function definition for 'rnorm'
    covreg.mcmc: no visible global function definition for 'cov'
    rmn: no visible global function definition for 'rnorm'
    rwish: no visible global function definition for 'rnorm'
    Undefined global functions or variables:
     cov lm model.frame model.matrix model.response rnorm
    Consider adding
     importFrom("stats", "cov", "lm", "model.frame", "model.matrix",
     "model.response", "rnorm")
    to your NAMESPACE file.
Flavors: r-devel-linux-x86_64-debian-clang, r-devel-linux-x86_64-debian-gcc, r-devel-linux-x86_64-fedora-clang, r-devel-linux-x86_64-fedora-gcc, r-devel-windows-ix86+x86_64, r-patched-linux-x86_64, r-patched-solaris-x86, r-release-linux-x86_64, r-release-macos-x86_64, r-release-windows-ix86+x86_64, r-oldrel-macos-x86_64, r-oldrel-windows-ix86+x86_64