Last updated on 2021-01-18 21:49:11 CET.
Flavor | Version | Tinstall | Tcheck | Ttotal | Status | Flags |
---|---|---|---|---|---|---|
r-devel-linux-x86_64-debian-clang | 0.1.0 | 2.44 | 27.30 | 29.74 | OK | |
r-devel-linux-x86_64-debian-gcc | 0.1.0 | 2.06 | 20.90 | 22.96 | OK | |
r-devel-linux-x86_64-fedora-clang | 0.1.0 | 44.33 | NOTE | |||
r-devel-linux-x86_64-fedora-gcc | 0.1.0 | 34.68 | NOTE | |||
r-devel-windows-ix86+x86_64 | 0.1.0 | 5.00 | 36.00 | 41.00 | OK | |
r-patched-linux-x86_64 | 0.1.0 | 2.50 | 25.38 | 27.88 | OK | |
r-patched-solaris-x86 | 0.1.0 | 57.00 | NOTE | |||
r-release-linux-x86_64 | 0.1.0 | 2.65 | 25.82 | 28.47 | OK | |
r-release-macos-x86_64 | 0.1.0 | NOTE | ||||
r-release-windows-ix86+x86_64 | 0.1.0 | 6.00 | 38.00 | 44.00 | OK | |
r-oldrel-macos-x86_64 | 0.1.0 | NOTE | ||||
r-oldrel-windows-ix86+x86_64 | 0.1.0 | 3.00 | 33.00 | 36.00 | OK |
Version: 0.1.0
Check: dependencies in R code
Result: NOTE
Namespaces in Imports field not imported from:
‘MASS’ ‘Rcpp’ ‘gsl’
All declared Imports should be used.
Flavors: r-devel-linux-x86_64-fedora-clang, r-devel-linux-x86_64-fedora-gcc, r-patched-solaris-x86, r-release-macos-x86_64, r-oldrel-macos-x86_64