CRAN Package Check Results for Package covsim

Last updated on 2020-06-06 16:47:27 CEST.

Flavor Version Tinstall Tcheck Ttotal Status Flags
r-devel-linux-x86_64-debian-clang 0.1.0 2.05 24.69 26.74 OK
r-devel-linux-x86_64-debian-gcc 0.1.0 2.07 18.99 21.06 OK
r-devel-linux-x86_64-fedora-clang 0.1.0 41.79 NOTE
r-devel-linux-x86_64-fedora-gcc 0.1.0 31.79 NOTE
r-devel-windows-ix86+x86_64 0.1.0 8.00 49.00 57.00 OK
r-patched-linux-x86_64 0.1.0 2.49 24.05 26.54 OK
r-patched-solaris-x86 0.1.0 51.90 NOTE
r-release-linux-x86_64 0.1.0 2.48 23.91 26.39 OK
r-release-osx-x86_64 0.1.0 NOTE
r-release-windows-ix86+x86_64 0.1.0 31.00 47.00 78.00 OK
r-oldrel-osx-x86_64 0.1.0 NOTE
r-oldrel-windows-ix86+x86_64 0.1.0 7.00 37.00 44.00 OK

Check Details

Version: 0.1.0
Check: dependencies in R code
Result: NOTE
    Namespaces in Imports field not imported from:
     ‘MASS’ ‘Rcpp’ ‘gsl’
     All declared Imports should be used.
Flavors: r-devel-linux-x86_64-fedora-clang, r-devel-linux-x86_64-fedora-gcc, r-patched-solaris-x86, r-release-osx-x86_64, r-oldrel-osx-x86_64