CRAN Package Check Results for Package covsim

Last updated on 2020-08-09 16:47:49 CEST.

Flavor Version Tinstall Tcheck Ttotal Status Flags
r-devel-linux-x86_64-debian-clang 0.1.0 2.38 25.00 27.38 OK
r-devel-linux-x86_64-debian-gcc 0.1.0 1.98 18.85 20.83 OK
r-devel-linux-x86_64-fedora-clang 0.1.0 42.84 NOTE
r-devel-linux-x86_64-fedora-gcc 0.1.0 31.33 NOTE
r-devel-windows-ix86+x86_64 0.1.0 6.00 47.00 53.00 OK
r-patched-linux-x86_64 0.1.0 2.37 24.61 26.98 OK
r-patched-solaris-x86 0.1.0 53.20 NOTE
r-release-linux-x86_64 0.1.0 2.10 24.34 26.44 OK
r-release-macos-x86_64 0.1.0 NOTE
r-release-windows-ix86+x86_64 0.1.0 8.00 49.00 57.00 OK
r-oldrel-macos-x86_64 0.1.0 NOTE
r-oldrel-windows-ix86+x86_64 0.1.0 4.00 36.00 40.00 OK

Check Details

Version: 0.1.0
Check: dependencies in R code
Result: NOTE
    Namespaces in Imports field not imported from:
     ‘MASS’ ‘Rcpp’ ‘gsl’
     All declared Imports should be used.
Flavors: r-devel-linux-x86_64-fedora-clang, r-devel-linux-x86_64-fedora-gcc, r-patched-solaris-x86, r-release-macos-x86_64, r-oldrel-macos-x86_64