CRAN Package Check Results for Package cowbell

Last updated on 2024-06-15 16:49:00 CEST.

Flavor Version Tinstall Tcheck Ttotal Status Flags
r-devel-linux-x86_64-debian-clang 0.1.0 1.87 76.00 77.87 OK
r-devel-linux-x86_64-debian-gcc 0.1.0 2.31 53.92 56.23 OK
r-devel-linux-x86_64-fedora-clang 0.1.0 93.85 NOTE
r-devel-linux-x86_64-fedora-gcc 0.1.0 98.37 NOTE
r-devel-windows-x86_64 0.1.0 4.00 74.00 78.00 OK
r-patched-linux-x86_64 0.1.0 3.14 68.92 72.06 OK
r-release-linux-x86_64 0.1.0 2.81 68.09 70.90 OK
r-release-macos-arm64 0.1.0 39.00 OK
r-release-macos-x86_64 0.1.0 57.00 OK
r-release-windows-x86_64 0.1.0 5.00 72.00 77.00 OK
r-oldrel-macos-arm64 0.1.0 41.00 OK
r-oldrel-macos-x86_64 0.1.0 64.00 OK
r-oldrel-windows-x86_64 0.1.0 5.00 86.00 91.00 OK

Check Details

Version: 0.1.0
Check: dependencies in R code
Result: NOTE Namespaces in Imports field not imported from: ‘ggplot2’ ‘misc3d’ All declared Imports should be used. Flavors: r-devel-linux-x86_64-fedora-clang, r-devel-linux-x86_64-fedora-gcc