CRAN Package Check Results for Package cowplot

Last updated on 2021-07-24 07:49:21 CEST.

Flavor Version Tinstall Tcheck Ttotal Status Flags
r-devel-linux-x86_64-debian-clang 1.1.1 6.57 108.09 114.66 NOTE
r-devel-linux-x86_64-debian-gcc 1.1.1 4.60 78.73 83.33 NOTE
r-devel-linux-x86_64-fedora-clang 1.1.1 140.04 NOTE
r-devel-linux-x86_64-fedora-gcc 1.1.1 127.32 NOTE
r-devel-windows-x86_64 1.1.1 9.00 107.00 116.00 NOTE
r-devel-windows-x86_64-gcc10-UCRT 1.1.1 NOTE
r-patched-linux-x86_64 1.1.1 12.20 98.00 110.20 NOTE
r-patched-solaris-x86 1.1.1 169.00 NOTE
r-release-linux-x86_64 1.1.1 5.87 98.06 103.93 NOTE
r-release-macos-arm64 1.1.1 NOTE
r-release-macos-x86_64 1.1.1 NOTE
r-release-windows-ix86+x86_64 1.1.1 14.00 101.00 115.00 NOTE
r-oldrel-macos-x86_64 1.1.1 OK
r-oldrel-windows-ix86+x86_64 1.1.1 16.00 136.00 152.00 OK

Check Details

Version: 1.1.1
Check: LazyData
Result: NOTE
     'LazyData' is specified without a 'data' directory
Flavors: r-devel-linux-x86_64-debian-clang, r-devel-linux-x86_64-debian-gcc, r-devel-linux-x86_64-fedora-clang, r-devel-linux-x86_64-fedora-gcc, r-devel-windows-x86_64, r-devel-windows-x86_64-gcc10-UCRT, r-patched-linux-x86_64, r-patched-solaris-x86, r-release-linux-x86_64, r-release-macos-arm64, r-release-macos-x86_64, r-release-windows-ix86+x86_64