CRAN Package Check Results for Package cowplot

Last updated on 2020-08-06 22:49:33 CEST.

Flavor Version Tinstall Tcheck Ttotal Status Flags
r-devel-linux-x86_64-debian-clang 1.0.0 5.75 110.95 116.70 OK
r-devel-linux-x86_64-debian-gcc 1.0.0 4.62 80.81 85.43 OK
r-devel-linux-x86_64-fedora-clang 1.0.0 137.74 NOTE
r-devel-linux-x86_64-fedora-gcc 1.0.0 132.72 NOTE
r-devel-windows-ix86+x86_64 1.0.0 20.00 175.00 195.00 OK
r-patched-linux-x86_64 1.0.0 5.33 103.55 108.88 OK
r-patched-solaris-x86 1.0.0 170.80 NOTE
r-release-linux-x86_64 1.0.0 5.43 104.37 109.80 OK
r-release-macos-x86_64 1.0.0 NOTE
r-release-windows-ix86+x86_64 1.0.0 21.00 119.00 140.00 OK
r-oldrel-macos-x86_64 1.0.0 NOTE
r-oldrel-windows-ix86+x86_64 1.0.0 10.00 132.00 142.00 OK

Check Details

Version: 1.0.0
Check: dependencies in R code
Result: NOTE
    Namespace in Imports field not imported from: ‘utils’
     All declared Imports should be used.
Flavors: r-devel-linux-x86_64-fedora-clang, r-devel-linux-x86_64-fedora-gcc, r-patched-solaris-x86, r-release-macos-x86_64, r-oldrel-macos-x86_64