CRAN Package Check Results for Package cowsay

Last updated on 2022-12-08 10:01:59 CET.

Flavor Version Tinstall Tcheck Ttotal Status Flags
r-devel-linux-x86_64-debian-clang 0.8.0 2.19 27.47 29.66 NOTE
r-devel-linux-x86_64-debian-gcc 0.8.0 1.91 22.52 24.43 NOTE
r-devel-linux-x86_64-fedora-clang 0.8.0 51.54 NOTE
r-devel-linux-x86_64-fedora-gcc 0.8.0 58.47 NOTE
r-devel-windows-x86_64 0.8.0 11.00 61.00 72.00 NOTE
r-patched-linux-x86_64 0.8.0 2.48 27.33 29.81 NOTE
r-release-linux-x86_64 0.8.0 2.16 27.00 29.16 NOTE
r-release-macos-arm64 0.8.0 17.00 NOTE
r-release-macos-x86_64 0.8.0 24.00 NOTE
r-release-windows-x86_64 0.8.0 12.00 62.00 74.00 NOTE
r-oldrel-macos-arm64 0.8.0 20.00 NOTE
r-oldrel-macos-x86_64 0.8.0 30.00 NOTE
r-oldrel-windows-ix86+x86_64 0.8.0 7.00 54.00 61.00 NOTE

Check Details

Version: 0.8.0
Check: LazyData
Result: NOTE
     'LazyData' is specified without a 'data' directory
Flavors: r-devel-linux-x86_64-debian-clang, r-devel-linux-x86_64-debian-gcc, r-devel-linux-x86_64-fedora-clang, r-devel-linux-x86_64-fedora-gcc, r-devel-windows-x86_64, r-patched-linux-x86_64, r-release-linux-x86_64, r-release-macos-arm64, r-release-macos-x86_64, r-release-windows-x86_64, r-oldrel-macos-arm64, r-oldrel-macos-x86_64, r-oldrel-windows-ix86+x86_64