CRAN Package Check Results for Package coxmeg

Last updated on 2020-09-22 05:50:41 CEST.

Flavor Version Tinstall Tcheck Ttotal Status Flags
r-devel-linux-x86_64-debian-clang 1.0.11 113.93 460.88 574.81 OK
r-devel-linux-x86_64-debian-gcc 1.0.11 0.32 2.22 2.54 ERROR
r-devel-linux-x86_64-fedora-clang 1.0.11 744.32 NOTE
r-devel-linux-x86_64-fedora-gcc 1.0.11 717.39 NOTE
r-devel-windows-ix86+x86_64 1.0.11 251.00 539.00 790.00 OK
r-patched-linux-x86_64 1.0.11 93.14 453.74 546.88 OK
r-patched-solaris-x86 1.0.11 4.80 ERROR
r-release-linux-x86_64 1.0.11 93.52 468.74 562.26 OK
r-release-macos-x86_64 1.0.11 NOTE
r-release-windows-ix86+x86_64 1.0.11 253.00 617.00 870.00 OK
r-oldrel-macos-x86_64 1.0.11 NOTE
r-oldrel-windows-ix86+x86_64 1.0.11 165.00 568.00 733.00 OK

Check Details

Version: 1.0.11
Check: whether package can be installed
Result: ERROR
    Installation failed.
Flavor: r-devel-linux-x86_64-debian-gcc

Version: 1.0.11
Check: installed package size
Result: NOTE
     installed size is 17.7Mb
     sub-directories of 1Mb or more:
     libs 17.2Mb
Flavors: r-devel-linux-x86_64-fedora-clang, r-release-macos-x86_64, r-oldrel-macos-x86_64

Version: 1.0.11
Check: dependencies in R code
Result: NOTE
    Namespace in Imports field not imported from: ‘coxme’
     All declared Imports should be used.
Flavors: r-devel-linux-x86_64-fedora-clang, r-devel-linux-x86_64-fedora-gcc, r-release-macos-x86_64, r-oldrel-macos-x86_64

Version: 1.0.11
Check: package dependencies
Result: ERROR
    Package required but not available: ‘SNPRelate’
    
    See section ‘The DESCRIPTION file’ in the ‘Writing R Extensions’
    manual.
Flavor: r-patched-solaris-x86