Last updated on 2023-05-28 20:57:43 CEST.
Flavor | Version | Tinstall | Tcheck | Ttotal | Status | Flags |
---|---|---|---|---|---|---|
r-devel-linux-x86_64-debian-clang | 1.1.4 | 145.01 | 371.92 | 516.93 | OK | |
r-devel-linux-x86_64-debian-gcc | 1.1.4 | 117.27 | 286.76 | 404.03 | OK | |
r-devel-linux-x86_64-fedora-clang | 1.1.4 | 661.96 | NOTE | |||
r-devel-linux-x86_64-fedora-gcc | 1.1.4 | 684.98 | NOTE | |||
r-devel-windows-x86_64 | 1.1.4 | 106.00 | 293.00 | 399.00 | OK | |
r-patched-linux-x86_64 | 1.1.4 | 103.18 | 358.47 | 461.65 | OK | |
r-release-linux-x86_64 | 1.1.4 | 95.27 | 353.53 | 448.80 | OK | |
r-release-macos-arm64 | 1.1.4 | 219.00 | NOTE | |||
r-release-macos-x86_64 | 1.1.4 | 388.00 | NOTE | |||
r-release-windows-x86_64 | 1.1.4 | 142.00 | 377.00 | 519.00 | OK | |
r-oldrel-macos-arm64 | 1.1.4 | 6.00 | ERROR | |||
r-oldrel-macos-x86_64 | 1.1.4 | 238.00 | NOTE | |||
r-oldrel-windows-x86_64 | 1.1.4 | 128.00 | 356.00 | 484.00 | OK |
Version: 1.1.4
Check: package dependencies
Result: NOTE
Package suggested but not available for checking: ‘GENESIS’
Flavors: r-devel-linux-x86_64-fedora-clang, r-devel-linux-x86_64-fedora-gcc, r-release-macos-arm64, r-release-macos-x86_64
Version: 1.1.4
Check: installed package size
Result: NOTE
installed size is 26.1Mb
sub-directories of 1Mb or more:
libs 24.9Mb
Flavors: r-release-macos-arm64, r-release-macos-x86_64, r-oldrel-macos-x86_64
Version: 1.1.4
Check: package dependencies
Result: ERROR
Package required but not available: ‘SeqArray’
Package suggested but not available for checking: ‘GENESIS’
See section ‘The DESCRIPTION file’ in the ‘Writing R Extensions’
manual.
Flavor: r-oldrel-macos-arm64