Last updated on 2022-07-07 08:53:13 CEST.
Flavor | Version | Tinstall | Tcheck | Ttotal | Status | Flags |
---|---|---|---|---|---|---|
r-devel-linux-x86_64-debian-clang | 0.1.4 | 3.79 | 126.31 | 130.10 | OK | |
r-devel-linux-x86_64-debian-gcc | 0.1.4 | 3.45 | 92.41 | 95.86 | OK | |
r-devel-linux-x86_64-fedora-clang | 0.1.4 | 161.32 | WARN | |||
r-devel-linux-x86_64-fedora-gcc | 0.1.4 | 156.61 | WARN | |||
r-devel-windows-x86_64 | 0.1.4 | 10.00 | 145.00 | 155.00 | OK | |
r-patched-linux-x86_64 | 0.1.4 | 8.49 | 120.81 | 129.30 | OK | |
r-release-linux-x86_64 | 0.1.4 | 3.93 | 119.84 | 123.77 | OK | |
r-release-macos-arm64 | 0.1.4 | 40.00 | OK | |||
r-release-macos-x86_64 | 0.1.4 | 60.00 | NOTE | |||
r-release-windows-x86_64 | 0.1.4 | 8.00 | 150.00 | 158.00 | OK | |
r-oldrel-macos-arm64 | 0.1.4 | 38.00 | OK | |||
r-oldrel-macos-x86_64 | 0.1.4 | 56.00 | OK | |||
r-oldrel-windows-ix86+x86_64 | 0.1.4 | 11.00 | 149.00 | 160.00 | OK |
Version: 0.1.4
Check: package dependencies
Result: WARN
Requires (indirectly) orphaned package: ‘gtools’
Flavors: r-devel-linux-x86_64-fedora-clang, r-devel-linux-x86_64-fedora-gcc
Version: 0.1.4
Check: package dependencies
Result: NOTE
Package suggested but not available for checking: ‘BEST’
Flavor: r-release-macos-x86_64