CRAN Package Check Results for Package cqrReg

Last updated on 2020-05-25 09:58:17 CEST.

Flavor Version Tinstall Tcheck Ttotal Status Flags
r-devel-linux-x86_64-debian-clang 1.2 174.34 69.07 243.41 NOTE
r-devel-linux-x86_64-debian-gcc 1.2 127.38 54.81 182.19 NOTE
r-devel-linux-x86_64-fedora-clang 1.2 337.29 NOTE
r-devel-linux-x86_64-fedora-gcc 1.2 302.73 NOTE
r-devel-windows-ix86+x86_64 1.2 444.00 164.00 608.00 NOTE
r-patched-linux-x86_64 1.2 149.11 69.63 218.74 NOTE
r-patched-solaris-x86 1.2 293.60 NOTE
r-release-linux-x86_64 1.2 135.08 69.09 204.17 NOTE
r-release-osx-x86_64 1.2 NOTE
r-release-windows-ix86+x86_64 1.2 305.00 151.00 456.00 NOTE
r-oldrel-osx-x86_64 1.2 NOTE
r-oldrel-windows-ix86+x86_64 1.2 317.00 148.00 465.00 NOTE

Check Details

Version: 1.2
Check: R code for possible problems
Result: NOTE
    QR.cd: no visible global function definition for 'quantile'
    QR.lasso.cd: no visible global function definition for 'quantile'
    cqr.cd: no visible global function definition for 'quantile'
    cqr.lasso.cd: no visible global function definition for 'quantile'
    cqr.lasso.mm: no visible global function definition for 'quantile'
    cqr.mm: no visible global function definition for 'quantile'
    Undefined global functions or variables:
     quantile
    Consider adding
     importFrom("stats", "quantile")
    to your NAMESPACE file.
Flavors: r-devel-linux-x86_64-debian-clang, r-devel-linux-x86_64-debian-gcc, r-devel-linux-x86_64-fedora-clang, r-devel-linux-x86_64-fedora-gcc, r-devel-windows-ix86+x86_64, r-patched-linux-x86_64, r-patched-solaris-x86, r-release-linux-x86_64, r-release-osx-x86_64, r-release-windows-ix86+x86_64, r-oldrel-osx-x86_64, r-oldrel-windows-ix86+x86_64

Version: 1.2
Check: installed package size
Result: NOTE
     installed size is 9.6Mb
     sub-directories of 1Mb or more:
     libs 9.4Mb
Flavors: r-devel-linux-x86_64-fedora-clang, r-release-osx-x86_64, r-oldrel-osx-x86_64

Version: 1.2
Check: compiled code
Result: NOTE
    File ‘cqrReg/libs/cqrReg.so’:
     Found no calls to: ‘R_registerRoutines’, ‘R_useDynamicSymbols’
    
    It is good practice to register native routines and to disable symbol
    search.
    
    See ‘Writing portable packages’ in the ‘Writing R Extensions’ manual.
Flavors: r-devel-linux-x86_64-fedora-clang, r-devel-linux-x86_64-fedora-gcc