Last updated on 2023-01-29 15:51:43 CET.
Flavor | Version | Tinstall | Tcheck | Ttotal | Status | Flags |
---|---|---|---|---|---|---|
r-devel-linux-x86_64-debian-clang | 1.0.2 | 5.24 | 49.48 | 54.72 | NOTE | |
r-devel-linux-x86_64-debian-gcc | 1.0.2 | 4.44 | 38.43 | 42.87 | NOTE | |
r-devel-linux-x86_64-fedora-clang | 1.0.2 | 67.94 | NOTE | |||
r-devel-linux-x86_64-fedora-gcc | 1.0.2 | 67.15 | NOTE | |||
r-devel-windows-x86_64 | 1.0.2 | 17.00 | 79.00 | 96.00 | NOTE | |
r-patched-linux-x86_64 | 1.0.2 | 5.92 | 48.22 | 54.14 | NOTE | |
r-release-linux-x86_64 | 1.0.2 | 3.91 | 48.51 | 52.42 | NOTE | |
r-release-macos-arm64 | 1.0.2 | 23.00 | NOTE | |||
r-release-macos-x86_64 | 1.0.2 | 31.00 | NOTE | |||
r-release-windows-x86_64 | 1.0.2 | 22.00 | 82.00 | 104.00 | NOTE | |
r-oldrel-macos-arm64 | 1.0.2 | 30.00 | NOTE | |||
r-oldrel-macos-x86_64 | 1.0.2 | 41.00 | NOTE | |||
r-oldrel-windows-ix86+x86_64 | 1.0.2 | 12.00 | 82.00 | 94.00 | NOTE |
Version: 1.0.2
Check: LazyData
Result: NOTE
'LazyData' is specified without a 'data' directory
Flavors: r-devel-linux-x86_64-debian-clang, r-devel-linux-x86_64-debian-gcc, r-devel-linux-x86_64-fedora-clang, r-devel-linux-x86_64-fedora-gcc, r-devel-windows-x86_64, r-patched-linux-x86_64, r-release-linux-x86_64, r-release-macos-arm64, r-release-macos-x86_64, r-release-windows-x86_64, r-oldrel-macos-arm64, r-oldrel-macos-x86_64, r-oldrel-windows-ix86+x86_64