CRAN Package Check Results for Package credule

Last updated on 2021-10-21 21:51:39 CEST.

Flavor Version Tinstall Tcheck Ttotal Status Flags
r-devel-linux-x86_64-debian-clang 0.1.4 2.89 22.75 25.64 OK
r-devel-linux-x86_64-debian-gcc 0.1.4 2.10 18.02 20.12 OK
r-devel-linux-x86_64-fedora-clang 0.1.4 41.94 NOTE
r-devel-linux-x86_64-fedora-gcc 0.1.4 31.67 NOTE
r-devel-windows-x86_64 0.1.4 6.00 45.00 51.00 OK
r-devel-windows-x86_64-gcc10-UCRT 0.1.4 OK
r-patched-linux-x86_64 0.1.4 2.59 19.79 22.38 OK
r-patched-solaris-x86 0.1.4 48.60 OK
r-release-linux-x86_64 0.1.4 2.49 19.96 22.45 OK
r-release-macos-arm64 0.1.4 OK
r-release-macos-x86_64 0.1.4 OK
r-release-windows-ix86+x86_64 0.1.4 7.00 47.00 54.00 OK
r-oldrel-macos-x86_64 0.1.4 OK
r-oldrel-windows-ix86+x86_64 0.1.4 10.00 46.00 56.00 OK

Check Details

Version: 0.1.4
Check: compiled code
Result: NOTE
    File ‘credule/libs/credule.so’:
     Found no calls to: ‘R_registerRoutines’, ‘R_useDynamicSymbols’
    
    It is good practice to register native routines and to disable symbol
    search.
    
    See ‘Writing portable packages’ in the ‘Writing R Extensions’ manual.
Flavors: r-devel-linux-x86_64-fedora-clang, r-devel-linux-x86_64-fedora-gcc