CRAN Package Check Results for Package credule

Last updated on 2023-09-22 08:55:43 CEST.

Flavor Version Tinstall Tcheck Ttotal Status Flags
r-devel-linux-x86_64-debian-clang 0.1.4 2.78 21.94 24.72 OK
r-devel-linux-x86_64-debian-gcc 0.1.4 2.24 17.34 19.58 OK
r-devel-linux-x86_64-fedora-clang 0.1.4 32.22 NOTE
r-devel-linux-x86_64-fedora-gcc 0.1.4 47.22 NOTE
r-devel-windows-x86_64 0.1.4 6.00 43.00 49.00 OK
r-patched-linux-x86_64 0.1.4 2.79 21.59 24.38 OK
r-release-linux-x86_64 0.1.4 3.16 21.84 25.00 OK
r-release-macos-arm64 0.1.4 27.00 OK
r-release-macos-x86_64 0.1.4 33.00 OK
r-release-windows-x86_64 0.1.4 6.00 44.00 50.00 OK
r-oldrel-macos-arm64 0.1.4 18.00 OK
r-oldrel-macos-x86_64 0.1.4 25.00 OK
r-oldrel-windows-x86_64 0.1.4 8.00 45.00 53.00 OK

Check Details

Version: 0.1.4
Check: compiled code
Result: NOTE
    File ‘credule/libs/credule.so’:
     Found no calls to: ‘R_registerRoutines’, ‘R_useDynamicSymbols’
    
    It is good practice to register native routines and to disable symbol
    search.
    
    See ‘Writing portable packages’ in the ‘Writing R Extensions’ manual.
Flavors: r-devel-linux-x86_64-fedora-clang, r-devel-linux-x86_64-fedora-gcc