CRAN Package Check Results for Package crimelinkage

Last updated on 2019-05-24 12:51:40 CEST.

Flavor Version Tinstall Tcheck Ttotal Status Flags
r-devel-linux-x86_64-debian-clang 0.0.4 3.88 82.55 86.43 NOTE
r-devel-linux-x86_64-debian-gcc 0.0.4 3.20 59.30 62.50 NOTE
r-devel-linux-x86_64-fedora-clang 0.0.4 103.72 NOTE
r-devel-linux-x86_64-fedora-gcc 0.0.4 92.94 NOTE
r-devel-windows-ix86+x86_64 0.0.4 6.00 93.00 99.00 NOTE
r-patched-linux-x86_64 0.0.4 3.33 76.92 80.25 NOTE
r-patched-solaris-x86 0.0.4 162.60 NOTE
r-release-linux-x86_64 0.0.4 3.29 77.36 80.65 NOTE
r-release-windows-ix86+x86_64 0.0.4 8.00 125.00 133.00 NOTE
r-release-osx-x86_64 0.0.4 NOTE
r-oldrel-windows-ix86+x86_64 0.0.4 6.00 88.00 94.00 NOTE
r-oldrel-osx-x86_64 0.0.4 NOTE

Check Details

Version: 0.0.4
Check: DESCRIPTION meta-information
Result: NOTE
    BugReports field is not a suitable URL but contains an email address
     which will be used as from R 3.4.0
Flavors: r-devel-linux-x86_64-debian-clang, r-devel-linux-x86_64-debian-gcc, r-devel-linux-x86_64-fedora-clang, r-devel-linux-x86_64-fedora-gcc, r-devel-windows-ix86+x86_64, r-patched-linux-x86_64, r-patched-solaris-x86, r-release-linux-x86_64, r-release-windows-ix86+x86_64, r-release-osx-x86_64, r-oldrel-windows-ix86+x86_64, r-oldrel-osx-x86_64