CRAN Package Check Results for Package crimelinkage

Last updated on 2019-03-25 06:47:03 CET.

Flavor Version Tinstall Tcheck Ttotal Status Flags
r-devel-linux-x86_64-debian-clang 0.0.4 4.26 82.86 87.12 NOTE
r-devel-linux-x86_64-debian-gcc 0.0.4 3.36 59.52 62.88 NOTE
r-devel-linux-x86_64-fedora-clang 0.0.4 102.11 NOTE
r-devel-linux-x86_64-fedora-gcc 0.0.4 93.31 NOTE
r-devel-windows-ix86+x86_64 0.0.4 10.00 121.00 131.00 NOTE
r-patched-linux-x86_64 0.0.4 2.67 73.71 76.38 NOTE
r-patched-solaris-x86 0.0.4 158.90 NOTE
r-release-linux-x86_64 0.0.4 3.51 72.96 76.47 NOTE
r-release-windows-ix86+x86_64 0.0.4 6.00 96.00 102.00 NOTE
r-release-osx-x86_64 0.0.4 NOTE
r-oldrel-windows-ix86+x86_64 0.0.4 3.00 114.00 117.00 NOTE
r-oldrel-osx-x86_64 0.0.4 NOTE

Check Details

Version: 0.0.4
Check: DESCRIPTION meta-information
Result: NOTE
    BugReports field is not a suitable URL but contains an email address
     which will be used as from R 3.4.0
Flavors: r-devel-linux-x86_64-debian-clang, r-devel-linux-x86_64-debian-gcc, r-devel-linux-x86_64-fedora-clang, r-devel-linux-x86_64-fedora-gcc, r-devel-windows-ix86+x86_64, r-patched-linux-x86_64, r-patched-solaris-x86, r-release-linux-x86_64, r-release-windows-ix86+x86_64, r-release-osx-x86_64, r-oldrel-windows-ix86+x86_64, r-oldrel-osx-x86_64